Last updated on 2025-02-19 09:50:58 CET.
Flavor | Version | Tinstall | Tcheck | Ttotal | Status | Flags |
---|---|---|---|---|---|---|
r-devel-linux-x86_64-debian-clang | 1.3 | 11.14 | 87.74 | 98.88 | OK | |
r-devel-linux-x86_64-debian-gcc | 1.3 | 7.79 | 62.65 | 70.44 | OK | |
r-devel-linux-x86_64-fedora-clang | 1.3 | 159.87 | OK | |||
r-devel-linux-x86_64-fedora-gcc | 1.3 | 164.39 | OK | |||
r-devel-macos-arm64 | 1.3 | 53.00 | OK | |||
r-devel-macos-x86_64 | 1.3 | 115.00 | OK | |||
r-devel-windows-x86_64 | 1.3 | 16.00 | 146.00 | 162.00 | OK | |
r-patched-linux-x86_64 | 1.3 | 11.64 | 81.13 | 92.77 | OK | |
r-release-linux-x86_64 | 1.3 | 11.03 | 81.44 | 92.47 | OK | |
r-release-macos-arm64 | 1.3 | 50.00 | OK | |||
r-release-macos-x86_64 | 1.3 | 83.00 | OK | |||
r-release-windows-x86_64 | 1.3 | 14.00 | 149.00 | 163.00 | OK | |
r-oldrel-macos-arm64 | 1.3 | 72.00 | NOTE | |||
r-oldrel-macos-x86_64 | 1.3 | 152.00 | OK | |||
r-oldrel-windows-x86_64 | 1.3 | 20.00 | 172.00 | 192.00 | OK |
Version: 1.3
Check: package dependencies
Result: NOTE
Package suggested but not available for checking: ‘snpStats’
Flavor: r-oldrel-macos-arm64