Last updated on 2025-07-13 09:49:48 CEST.
Flavor | Version | Tinstall | Tcheck | Ttotal | Status | Flags |
---|---|---|---|---|---|---|
r-devel-linux-x86_64-debian-clang | 0.4.2 | 4.49 | 110.46 | 114.95 | OK | |
r-devel-linux-x86_64-debian-gcc | 0.4.2 | 3.49 | 75.07 | 78.56 | OK | |
r-devel-linux-x86_64-fedora-clang | 0.4.2 | 164.90 | OK | |||
r-devel-linux-x86_64-fedora-gcc | 0.4.2 | 172.06 | OK | |||
r-devel-windows-x86_64 | 0.4.2 | 7.00 | 115.00 | 122.00 | OK | |
r-patched-linux-x86_64 | 0.4.2 | 4.93 | 103.95 | 108.88 | OK | |
r-release-linux-x86_64 | 0.4.2 | 4.73 | 102.63 | 107.36 | OK | |
r-release-macos-arm64 | 0.4.2 | 70.00 | OK | |||
r-release-macos-x86_64 | 0.4.2 | 118.00 | OK | |||
r-release-windows-x86_64 | 0.4.2 | 7.00 | 120.00 | 127.00 | OK | |
r-oldrel-macos-arm64 | 0.4.2 | 54.00 | NOTE | |||
r-oldrel-macos-x86_64 | 0.4.2 | 154.00 | NOTE | |||
r-oldrel-windows-x86_64 | 0.4.2 | 8.00 | 148.00 | 156.00 | NOTE |
Version: 0.4.2
Check: LazyData
Result: NOTE
'LazyData' is specified without a 'data' directory
Flavors: r-oldrel-macos-arm64, r-oldrel-macos-x86_64, r-oldrel-windows-x86_64