CRAN Package Check Results for Package pbv

Last updated on 2025-07-13 09:49:48 CEST.

Flavor Version Tinstall Tcheck Ttotal Status Flags
r-devel-linux-x86_64-debian-clang 0.5-47 16.20 24.88 41.08 NOTE
r-devel-linux-x86_64-debian-gcc 0.5-47 10.60 20.41 31.01 NOTE
r-devel-linux-x86_64-fedora-clang 0.5-47 69.16 OK
r-devel-linux-x86_64-fedora-gcc 0.5-47 58.09 OK
r-devel-windows-x86_64 0.5-47 20.00 58.00 78.00 OK
r-patched-linux-x86_64 0.5-47 15.00 22.60 37.60 OK
r-release-linux-x86_64 0.5-47 14.93 22.46 37.39 OK
r-release-macos-arm64 0.5-47 25.00 OK
r-release-macos-x86_64 0.5-47 60.00 OK
r-release-windows-x86_64 0.5-47 21.00 64.00 85.00 OK
r-oldrel-macos-arm64 0.5-47 25.00 OK
r-oldrel-macos-x86_64 0.5-47 35.00 OK
r-oldrel-windows-x86_64 0.5-47 25.00 68.00 93.00 OK

Check Details

Version: 0.5-47
Check: CRAN incoming feasibility
Result: NOTE Maintainer: ‘Alexander Robitzsch <robitzsch@ipn.uni-kiel.de>’ No Authors@R field in DESCRIPTION. Please add one, modifying Authors@R: person(given = "Alexander", family = "Robitzsch", role = c("aut", "cre"), email = "robitzsch@ipn.uni-kiel.de", comment = c(ORCID = "0000-0002-8226-3132")) as necessary. Flavors: r-devel-linux-x86_64-debian-clang, r-devel-linux-x86_64-debian-gcc