CRAN Package Check Results for Package partitionBEFsp

Last updated on 2025-02-20 09:50:58 CET.

Flavor Version Tinstall Tcheck Ttotal Status Flags
r-devel-linux-x86_64-debian-clang 1.0 1.64 18.76 20.40 OK
r-devel-linux-x86_64-debian-gcc 1.0 1.33 15.40 16.73 OK
r-devel-linux-x86_64-fedora-clang 1.0 32.44 OK
r-devel-linux-x86_64-fedora-gcc 1.0 31.51 OK
r-devel-macos-arm64 1.0 14.00 OK
r-devel-macos-x86_64 1.0 26.00 OK
r-devel-windows-x86_64 1.0 2.00 47.00 49.00 OK
r-patched-linux-x86_64 1.0 1.74 17.98 19.72 NOTE
r-release-linux-x86_64 1.0 1.55 18.13 19.68 NOTE
r-release-macos-arm64 1.0 15.00 NOTE
r-release-macos-x86_64 1.0 23.00 NOTE
r-release-windows-x86_64 1.0 3.00 44.00 47.00 NOTE
r-oldrel-macos-arm64 1.0 17.00 NOTE
r-oldrel-macos-x86_64 1.0 21.00 NOTE
r-oldrel-windows-x86_64 1.0 6.00 43.00 49.00 NOTE

Check Details

Version: 1.0
Check: LazyData
Result: NOTE 'LazyData' is specified without a 'data' directory Flavors: r-patched-linux-x86_64, r-release-linux-x86_64, r-release-macos-arm64, r-release-macos-x86_64, r-release-windows-x86_64, r-oldrel-macos-arm64, r-oldrel-macos-x86_64, r-oldrel-windows-x86_64