Last updated on 2025-02-16 09:50:48 CET.
Flavor | Version | Tinstall | Tcheck | Ttotal | Status | Flags |
---|---|---|---|---|---|---|
r-devel-linux-x86_64-debian-clang | 0.1.3 | 4.24 | 39.45 | 43.69 | NOTE | |
r-devel-linux-x86_64-debian-gcc | 0.1.3 | 3.52 | 29.24 | 32.76 | NOTE | |
r-devel-linux-x86_64-fedora-clang | 0.1.3 | 71.52 | NOTE | |||
r-devel-linux-x86_64-fedora-gcc | 0.1.3 | 66.64 | NOTE | |||
r-devel-macos-arm64 | 0.1.3 | 25.00 | NOTE | |||
r-devel-macos-x86_64 | 0.1.3 | 48.00 | NOTE | |||
r-devel-windows-x86_64 | 0.1.3 | 9.00 | 67.00 | 76.00 | NOTE | |
r-patched-linux-x86_64 | 0.1.3 | 4.73 | 36.98 | 41.71 | NOTE | |
r-release-linux-x86_64 | 0.1.3 | 5.21 | 36.55 | 41.76 | NOTE | |
r-release-macos-arm64 | 0.1.3 | 26.00 | NOTE | |||
r-release-macos-x86_64 | 0.1.3 | 35.00 | NOTE | |||
r-release-windows-x86_64 | 0.1.3 | 9.00 | 74.00 | 83.00 | NOTE | |
r-oldrel-macos-arm64 | 0.1.3 | 24.00 | NOTE | |||
r-oldrel-macos-x86_64 | 0.1.3 | 41.00 | NOTE | |||
r-oldrel-windows-x86_64 | 0.1.3 | 11.00 | 72.00 | 83.00 | NOTE |
Version: 0.1.3
Check: package subdirectories
Result: NOTE
Problems with news in ‘NEWS.md’:
Cannot extract version info from the following section titles:
Changes
Flavors: r-devel-linux-x86_64-debian-clang, r-devel-linux-x86_64-debian-gcc, r-devel-linux-x86_64-fedora-clang, r-devel-linux-x86_64-fedora-gcc, r-devel-macos-arm64, r-devel-macos-x86_64, r-devel-windows-x86_64, r-patched-linux-x86_64, r-release-linux-x86_64, r-release-macos-arm64, r-release-macos-x86_64, r-release-windows-x86_64, r-oldrel-macos-arm64, r-oldrel-macos-x86_64, r-oldrel-windows-x86_64