Last updated on 2025-05-08 09:54:08 CEST.
Flavor | Version | Tinstall | Tcheck | Ttotal | Status | Flags |
---|---|---|---|---|---|---|
r-devel-linux-x86_64-debian-clang | 0.9.0 | 17.39 | 113.90 | 131.29 | NOTE | |
r-devel-linux-x86_64-debian-gcc | 0.9.0 | 10.44 | 77.37 | 87.81 | NOTE | |
r-devel-linux-x86_64-fedora-clang | 0.9.0 | 217.76 | OK | |||
r-devel-linux-x86_64-fedora-gcc | 0.9.0 | 211.40 | OK | |||
r-devel-windows-x86_64 | 0.9.0 | 20.00 | 127.00 | 147.00 | OK | |
r-patched-linux-x86_64 | 0.9.0 | 15.32 | 106.08 | 121.40 | OK | |
r-release-linux-x86_64 | 0.9.0 | 14.27 | 106.98 | 121.25 | OK | |
r-release-macos-arm64 | 0.9.0 | 81.00 | OK | |||
r-release-macos-x86_64 | 0.9.0 | 113.00 | OK | |||
r-release-windows-x86_64 | 0.9.0 | 22.00 | 132.00 | 154.00 | OK | |
r-oldrel-macos-arm64 | 0.9.0 | 57.00 | OK | |||
r-oldrel-macos-x86_64 | 0.9.0 | 88.00 | OK | |||
r-oldrel-windows-x86_64 | 0.9.0 | 25.00 | 165.00 | 190.00 | OK |
Version: 0.9.0
Check: CRAN incoming feasibility
Result: NOTE
Maintainer: ‘Marion Brandolini-Bunlon <marion.brandolini-bunlon@inra.fr>’
No Authors@R field in DESCRIPTION.
Please add one, modifying
Authors@R: c(person(given = "Marion",
family = "Brandolini-Bunlon",
role = c("aut", "cre"),
email = "marion.brandolini-bunlon@inra.fr"),
person(given = "Stephanie",
family = "Bougeard",
role = "aut"),
person(given = "Melanie",
family = "Petera",
role = "aut"),
person(given = "Estelle",
family = "Pujos-Guillot",
role = "aut"))
as necessary.
Flavors: r-devel-linux-x86_64-debian-clang, r-devel-linux-x86_64-debian-gcc