CRAN Package Check Results for Package pGPx

Last updated on 2025-04-15 09:52:28 CEST.

Flavor Version Tinstall Tcheck Ttotal Status Flags
r-devel-linux-x86_64-debian-clang 0.1.4 20.85 40.71 61.56 NOTE
r-devel-linux-x86_64-debian-gcc 0.1.4 12.25 29.95 42.20 NOTE
r-devel-linux-x86_64-fedora-clang 0.1.4 107.32 NOTE
r-devel-linux-x86_64-fedora-gcc 0.1.4 97.53 NOTE
r-devel-windows-x86_64 0.1.4 22.00 90.00 112.00 NOTE
r-patched-linux-x86_64 0.1.4 17.83 39.31 57.14 NOTE
r-release-linux-x86_64 0.1.4 18.06 39.47 57.53 NOTE
r-release-macos-arm64 0.1.4 33.00 NOTE
r-release-macos-x86_64 0.1.4 56.00 NOTE
r-release-windows-x86_64 0.1.4 23.00 89.00 112.00 NOTE
r-oldrel-macos-arm64 0.1.4 30.00 NOTE
r-oldrel-macos-x86_64 0.1.4 45.00 NOTE
r-oldrel-windows-x86_64 0.1.4 29.00 103.00 132.00 NOTE

Check Details

Version: 0.1.4
Check: Rd files
Result: NOTE checkRd: (-1) DTV.Rd:20: Lost braces in \itemize; \value handles \item{}{} directly checkRd: (-1) DTV.Rd:21: Lost braces in \itemize; \value handles \item{}{} directly checkRd: (-1) DTV.Rd:22: Lost braces in \itemize; \value handles \item{}{} directly checkRd: (-1) DTV.Rd:23: Lost braces in \itemize; \value handles \item{}{} directly checkRd: (-1) DTV.Rd:24: Lost braces in \itemize; \value handles \item{}{} directly Flavors: r-devel-linux-x86_64-debian-clang, r-devel-linux-x86_64-debian-gcc, r-devel-linux-x86_64-fedora-clang, r-devel-linux-x86_64-fedora-gcc, r-devel-windows-x86_64, r-patched-linux-x86_64, r-release-linux-x86_64, r-release-macos-arm64, r-release-macos-x86_64, r-release-windows-x86_64, r-oldrel-macos-arm64, r-oldrel-macos-x86_64, r-oldrel-windows-x86_64