Last updated on 2025-02-06 09:52:37 CET.
Flavor | Version | Tinstall | Tcheck | Ttotal | Status | Flags |
---|---|---|---|---|---|---|
r-devel-linux-x86_64-debian-clang | 0.1.1 | 3.38 | 18.61 | 21.99 | OK | |
r-devel-linux-x86_64-debian-gcc | 0.1.1 | 2.56 | 14.94 | 17.50 | OK | |
r-devel-linux-x86_64-fedora-clang | 0.1.1 | 39.24 | NOTE | |||
r-devel-linux-x86_64-fedora-gcc | 0.1.1 | 32.96 | NOTE | |||
r-devel-windows-x86_64 | 0.1.1 | 4.00 | 44.00 | 48.00 | OK | |
r-patched-linux-x86_64 | 0.1.1 | 3.31 | 17.38 | 20.69 | OK | |
r-release-linux-x86_64 | 0.1.1 | 3.29 | 17.38 | 20.67 | OK | |
r-release-macos-arm64 | 0.1.1 | 16.00 | OK | |||
r-release-macos-x86_64 | 0.1.1 | 23.00 | OK | |||
r-release-windows-x86_64 | 0.1.1 | 6.00 | 39.00 | 45.00 | OK | |
r-oldrel-macos-arm64 | 0.1.1 | 20.00 | OK | |||
r-oldrel-macos-x86_64 | 0.1.1 | 33.00 | OK | |||
r-oldrel-windows-x86_64 | 0.1.1 | 6.00 | 42.00 | 48.00 | OK |
Version: 0.1.1
Check: dependencies in R code
Result: NOTE
Namespaces in Imports field not imported from:
‘R6’ ‘openssl’
All declared Imports should be used.
Flavors: r-devel-linux-x86_64-fedora-clang, r-devel-linux-x86_64-fedora-gcc