Last updated on 2025-02-11 09:48:32 CET.
Flavor | Version | Tinstall | Tcheck | Ttotal | Status | Flags |
---|---|---|---|---|---|---|
r-devel-linux-x86_64-debian-clang | 0.5.81 | 2.25 | 20.67 | 22.92 | OK | |
r-devel-linux-x86_64-debian-gcc | 0.5.81 | 1.81 | 17.56 | 19.37 | OK | |
r-devel-linux-x86_64-fedora-clang | 0.5.81 | 37.47 | OK | |||
r-devel-linux-x86_64-fedora-gcc | 0.5.81 | 34.36 | OK | |||
r-devel-windows-x86_64 | 0.5.81 | 4.00 | 49.00 | 53.00 | OK | |
r-patched-linux-x86_64 | 0.5.81 | 2.19 | 19.83 | 22.02 | NOTE | |
r-release-linux-x86_64 | 0.5.81 | 1.97 | 19.91 | 21.88 | NOTE | |
r-release-macos-arm64 | 0.5.81 | 16.00 | NOTE | |||
r-release-macos-x86_64 | 0.5.81 | 27.00 | NOTE | |||
r-release-windows-x86_64 | 0.5.81 | 4.00 | 44.00 | 48.00 | NOTE | |
r-oldrel-macos-arm64 | 0.5.81 | 18.00 | NOTE | |||
r-oldrel-macos-x86_64 | 0.5.81 | 21.00 | NOTE | |||
r-oldrel-windows-x86_64 | 0.5.81 | 4.00 | 44.00 | 48.00 | NOTE |
Version: 0.5.81
Check: LazyData
Result: NOTE
'LazyData' is specified without a 'data' directory
Flavors: r-patched-linux-x86_64, r-release-linux-x86_64, r-release-macos-arm64, r-release-macos-x86_64, r-release-windows-x86_64, r-oldrel-macos-arm64, r-oldrel-macos-x86_64, r-oldrel-windows-x86_64