Last updated on 2025-02-16 09:50:48 CET.
Flavor | Version | Tinstall | Tcheck | Ttotal | Status | Flags |
---|---|---|---|---|---|---|
r-devel-linux-x86_64-debian-clang | 0.2.0 | 4.39 | 57.53 | 61.92 | NOTE | |
r-devel-linux-x86_64-debian-gcc | 0.2.0 | 3.40 | 41.96 | 45.36 | NOTE | |
r-devel-linux-x86_64-fedora-clang | 0.2.0 | 104.40 | OK | |||
r-devel-linux-x86_64-fedora-gcc | 0.2.0 | 105.19 | OK | |||
r-devel-macos-arm64 | 0.2.0 | 36.00 | OK | |||
r-devel-macos-x86_64 | 0.2.0 | 74.00 | OK | |||
r-devel-windows-x86_64 | 0.2.0 | 7.00 | 85.00 | 92.00 | NOTE | |
r-patched-linux-x86_64 | 0.2.0 | 10.63 | 53.14 | 63.77 | OK | |
r-release-linux-x86_64 | 0.2.0 | 3.57 | 53.29 | 56.86 | OK | |
r-release-macos-arm64 | 0.2.0 | 36.00 | OK | |||
r-release-macos-x86_64 | 0.2.0 | 95.00 | OK | |||
r-release-windows-x86_64 | 0.2.0 | 7.00 | 78.00 | 85.00 | OK | |
r-oldrel-macos-arm64 | 0.2.0 | 123.00 | OK | |||
r-oldrel-macos-x86_64 | 0.2.0 | 58.00 | OK | |||
r-oldrel-windows-x86_64 | 0.2.0 | 8.00 | 114.00 | 122.00 | OK |
Version: 0.2.0
Check: Rd cross-references
Result: NOTE
Found the following Rd file(s) with Rd \link{} targets missing package
anchors:
nest_fill.Rd: tidyr_tidy_select
Please provide package anchors for all Rd \link{} targets not in the
package itself and the base packages.
Flavors: r-devel-linux-x86_64-debian-clang, r-devel-linux-x86_64-debian-gcc, r-devel-windows-x86_64