Last updated on 2025-07-12 09:49:24 CEST.
Flavor | Version | Tinstall | Tcheck | Ttotal | Status | Flags |
---|---|---|---|---|---|---|
r-devel-linux-x86_64-debian-clang | 3.1 | 3.70 | 427.24 | 430.94 | NOTE | |
r-devel-linux-x86_64-debian-gcc | 3.1 | 2.69 | 241.06 | 243.75 | NOTE | |
r-devel-linux-x86_64-fedora-clang | 3.1 | 681.92 | OK | |||
r-devel-linux-x86_64-fedora-gcc | 3.1 | 670.40 | OK | |||
r-devel-windows-x86_64 | 3.1 | 5.00 | 342.00 | 347.00 | OK | |
r-patched-linux-x86_64 | 3.1 | 3.74 | 405.27 | 409.01 | OK | |
r-release-linux-x86_64 | 3.1 | 3.42 | 399.88 | 403.30 | OK | |
r-release-macos-arm64 | 3.1 | 135.00 | OK | |||
r-release-macos-x86_64 | 3.1 | 371.00 | OK | |||
r-release-windows-x86_64 | 3.1 | 6.00 | 343.00 | 349.00 | OK | |
r-oldrel-macos-arm64 | 3.1 | 127.00 | OK | |||
r-oldrel-macos-x86_64 | 3.1 | 325.00 | OK | |||
r-oldrel-windows-x86_64 | 3.1 | 6.00 | 494.00 | 500.00 | OK |
Version: 3.1
Check: CRAN incoming feasibility
Result: NOTE
Maintainer: ‘Atsushi Kawaguchi <kawa_a24@yahoo.co.jp>’
No Authors@R field in DESCRIPTION.
Please add one, modifying
Authors@R: person(given = "Atsushi",
family = "Kawaguchi",
role = c("aut", "cre"),
email = "kawa_a24@yahoo.co.jp")
as necessary.
Flavors: r-devel-linux-x86_64-debian-clang, r-devel-linux-x86_64-debian-gcc