Last updated on 2025-04-15 09:52:26 CEST.
Flavor | Version | Tinstall | Tcheck | Ttotal | Status | Flags |
---|---|---|---|---|---|---|
r-devel-linux-x86_64-debian-clang | 4.0.2 | 37.30 | 128.78 | 166.08 | OK | |
r-devel-linux-x86_64-debian-gcc | 4.0.2 | 23.90 | 92.81 | 116.71 | OK | |
r-devel-linux-x86_64-fedora-clang | 4.0.2 | 260.52 | OK | |||
r-devel-linux-x86_64-fedora-gcc | 4.0.2 | 246.94 | OK | |||
r-devel-windows-x86_64 | 4.0.2 | 37.00 | 167.00 | 204.00 | OK | |
r-patched-linux-x86_64 | 4.0.2 | 35.19 | 123.76 | 158.95 | OK | |
r-release-linux-x86_64 | 4.0.2 | 35.43 | 123.32 | 158.75 | OK | |
r-release-macos-arm64 | 4.0.2 | 75.00 | OK | |||
r-release-macos-x86_64 | 4.0.2 | 149.00 | OK | |||
r-release-windows-x86_64 | 4.0.2 | 40.00 | 159.00 | 199.00 | OK | |
r-oldrel-macos-arm64 | 4.0.2 | 76.00 | NOTE | |||
r-oldrel-macos-x86_64 | 4.0.2 | 122.00 | NOTE | |||
r-oldrel-windows-x86_64 | 4.0.2 | 48.00 | 210.00 | 258.00 | OK |
Version: 4.0.2
Check: installed package size
Result: NOTE
installed size is 5.2Mb
sub-directories of 1Mb or more:
extdata 1.7Mb
libs 2.3Mb
Flavors: r-oldrel-macos-arm64, r-oldrel-macos-x86_64