Last updated on 2025-02-16 09:50:47 CET.
Flavor | Version | Tinstall | Tcheck | Ttotal | Status | Flags |
---|---|---|---|---|---|---|
r-devel-linux-x86_64-debian-clang | 0.7.0 | 9.87 | 98.98 | 108.85 | NOTE | |
r-devel-linux-x86_64-debian-gcc | 0.7.0 | 6.39 | 69.03 | 75.42 | NOTE | |
r-devel-linux-x86_64-fedora-clang | 0.7.0 | 172.19 | NOTE | |||
r-devel-linux-x86_64-fedora-gcc | 0.7.0 | 176.87 | NOTE | |||
r-devel-macos-arm64 | 0.7.0 | 62.00 | OK | |||
r-devel-macos-x86_64 | 0.7.0 | 112.00 | NOTE | |||
r-devel-windows-x86_64 | 0.7.0 | 12.00 | 112.00 | 124.00 | NOTE | |
r-patched-linux-x86_64 | 0.7.0 | 11.17 | 92.44 | 103.61 | OK | |
r-release-linux-x86_64 | 0.7.0 | 9.92 | 91.97 | 101.89 | OK | |
r-release-macos-arm64 | 0.7.0 | 58.00 | OK | |||
r-release-macos-x86_64 | 0.7.0 | 104.00 | OK | |||
r-release-windows-x86_64 | 0.7.0 | 13.00 | 121.00 | 134.00 | OK | |
r-oldrel-macos-arm64 | 0.7.0 | 66.00 | OK | |||
r-oldrel-macos-x86_64 | 0.7.0 | 111.00 | OK | |||
r-oldrel-windows-x86_64 | 0.7.0 | 16.00 | 142.00 | 158.00 | OK |
Version: 0.7.0
Check: DESCRIPTION meta-information
Result: NOTE
Missing dependency on R >= 4.1.0 because package code uses the pipe
|> or function shorthand \(...) syntax added in R 4.1.0.
File(s) using such syntax:
‘tidy_summary.R’
Flavors: r-devel-linux-x86_64-debian-clang, r-devel-linux-x86_64-debian-gcc, r-devel-linux-x86_64-fedora-clang, r-devel-linux-x86_64-fedora-gcc, r-devel-macos-x86_64, r-devel-windows-x86_64