Last updated on 2025-05-08 09:54:05 CEST.
Flavor | Version | Tinstall | Tcheck | Ttotal | Status | Flags |
---|---|---|---|---|---|---|
r-devel-linux-x86_64-debian-clang | 1.1 | 6.28 | 54.33 | 60.61 | NOTE | |
r-devel-linux-x86_64-debian-gcc | 1.1 | 4.14 | 37.67 | 41.81 | NOTE | |
r-devel-linux-x86_64-fedora-clang | 1.1 | 93.57 | OK | |||
r-devel-linux-x86_64-fedora-gcc | 1.1 | 89.30 | OK | |||
r-devel-windows-x86_64 | 1.1 | 7.00 | 70.00 | 77.00 | OK | |
r-patched-linux-x86_64 | 1.1 | 6.81 | 50.00 | 56.81 | OK | |
r-release-linux-x86_64 | 1.1 | 6.36 | 50.93 | 57.29 | OK | |
r-release-macos-arm64 | 1.1 | 39.00 | OK | |||
r-release-macos-x86_64 | 1.1 | 56.00 | OK | |||
r-release-windows-x86_64 | 1.1 | 8.00 | 72.00 | 80.00 | OK | |
r-oldrel-macos-arm64 | 1.1 | 31.00 | OK | |||
r-oldrel-macos-x86_64 | 1.1 | 41.00 | OK | |||
r-oldrel-windows-x86_64 | 1.1 | 10.00 | 90.00 | 100.00 | OK |
Version: 1.1
Check: CRAN incoming feasibility
Result: NOTE
Maintainer: ‘Maria Schelling <schelling.rmaintainer@vodafone.de>’
No Authors@R field in DESCRIPTION.
Please add one, modifying
Authors@R: c(person(given = "Maria",
family = "Schelling",
role = c("aut", "cre"),
email = "schelling.rmaintainer@vodafone.de"),
person(given = "Cang",
family = "Hui",
role = "aut"))
as necessary.
Flavors: r-devel-linux-x86_64-debian-clang, r-devel-linux-x86_64-debian-gcc