Last updated on 2025-02-18 09:50:44 CET.
Flavor | Version | Tinstall | Tcheck | Ttotal | Status | Flags |
---|---|---|---|---|---|---|
r-devel-linux-x86_64-debian-clang | 1.5 | 5.15 | 31.07 | 36.22 | NOTE | |
r-devel-linux-x86_64-debian-gcc | 1.5 | 2.63 | 21.91 | 24.54 | NOTE | |
r-devel-linux-x86_64-fedora-clang | 1.5 | 58.53 | NOTE | |||
r-devel-linux-x86_64-fedora-gcc | 1.5 | 53.33 | NOTE | |||
r-devel-macos-arm64 | 1.5 | 19.00 | NOTE | |||
r-devel-macos-x86_64 | 1.5 | 35.00 | NOTE | |||
r-devel-windows-x86_64 | 1.5 | 5.00 | 46.00 | 51.00 | NOTE | |
r-patched-linux-x86_64 | 1.5 | 4.61 | 29.24 | 33.85 | NOTE | |
r-release-linux-x86_64 | 1.5 | 4.51 | 28.93 | 33.44 | NOTE | |
r-release-macos-arm64 | 1.5 | 17.00 | NOTE | |||
r-release-macos-x86_64 | 1.5 | 28.00 | NOTE | |||
r-release-windows-x86_64 | 1.5 | 5.00 | 45.00 | 50.00 | NOTE | |
r-oldrel-macos-arm64 | 1.5 | 22.00 | OK | |||
r-oldrel-macos-x86_64 | 1.5 | 50.00 | OK | |||
r-oldrel-windows-x86_64 | 1.5 | 6.00 | 51.00 | 57.00 | OK |
Version: 1.5
Check: Rd files
Result: NOTE
checkRd: (-1) mmeln.Rd:69: Lost braces; missing escapes or markup?
69 | \item{obj$M}{Number of total observations sum_{i=1}^N(pi)}
| ^
Flavors: r-devel-linux-x86_64-debian-clang, r-devel-linux-x86_64-debian-gcc, r-devel-linux-x86_64-fedora-clang, r-devel-linux-x86_64-fedora-gcc, r-devel-macos-arm64, r-devel-macos-x86_64, r-devel-windows-x86_64, r-patched-linux-x86_64, r-release-linux-x86_64, r-release-macos-arm64, r-release-macos-x86_64, r-release-windows-x86_64