CRAN Package Check Results for Package mme

Last updated on 2025-07-13 09:49:46 CEST.

Flavor Version Tinstall Tcheck Ttotal Status Flags
r-devel-linux-x86_64-debian-clang 0.1-6 9.67 99.55 109.22 NOTE
r-devel-linux-x86_64-debian-gcc 0.1-6 8.89 71.45 80.34 NOTE
r-devel-linux-x86_64-fedora-clang 0.1-6 172.55 OK
r-devel-linux-x86_64-fedora-gcc 0.1-6 182.13 OK
r-devel-windows-x86_64 0.1-6 10.00 136.00 146.00 OK
r-patched-linux-x86_64 0.1-6 11.83 93.95 105.78 OK
r-release-linux-x86_64 0.1-6 9.88 94.62 104.50 OK
r-release-macos-arm64 0.1-6 59.00 OK
r-release-macos-x86_64 0.1-6 106.00 OK
r-release-windows-x86_64 0.1-6 10.00 142.00 152.00 OK
r-oldrel-macos-arm64 0.1-6 51.00 OK
r-oldrel-macos-x86_64 0.1-6 83.00 OK
r-oldrel-windows-x86_64 0.1-6 15.00 150.00 165.00 OK

Check Details

Version: 0.1-6
Check: CRAN incoming feasibility
Result: NOTE Maintainer: ‘E. Lopez-Vizcaino <esther.lopez@ige.eu>’ No Authors@R field in DESCRIPTION. Please add one, modifying Authors@R: c(person(given = "E.", family = "Lopez-Vizcaino", role = c("aut", "cre"), email = "esther.lopez@ige.eu"), person(given = "M.J.", family = "Lombardia", role = "aut"), person(given = "D.", family = "Morales", role = "aut")) as necessary. Flavors: r-devel-linux-x86_64-debian-clang, r-devel-linux-x86_64-debian-gcc