Last updated on 2025-04-15 09:52:26 CEST.
Flavor | Version | Tinstall | Tcheck | Ttotal | Status | Flags |
---|---|---|---|---|---|---|
r-devel-linux-x86_64-debian-clang | 4.2.0 | 14.26 | 77.47 | 91.73 | NOTE | |
r-devel-linux-x86_64-debian-gcc | 4.2.0 | 8.66 | 51.55 | 60.21 | NOTE | |
r-devel-linux-x86_64-fedora-clang | 4.2.0 | 147.97 | NOTE | |||
r-devel-linux-x86_64-fedora-gcc | 4.2.0 | 141.36 | NOTE | |||
r-devel-windows-x86_64 | 4.2.0 | 15.00 | 84.00 | 99.00 | NOTE | |
r-patched-linux-x86_64 | 4.2.0 | 14.63 | 74.60 | 89.23 | NOTE | |
r-release-linux-x86_64 | 4.2.0 | 12.65 | 73.71 | 86.36 | NOTE | |
r-release-macos-arm64 | 4.2.0 | 40.00 | NOTE | |||
r-release-macos-x86_64 | 4.2.0 | 78.00 | NOTE | |||
r-release-windows-x86_64 | 4.2.0 | 15.00 | 86.00 | 101.00 | NOTE | |
r-oldrel-macos-arm64 | 4.2.0 | 38.00 | NOTE | |||
r-oldrel-macos-x86_64 | 4.2.0 | 65.00 | NOTE | |||
r-oldrel-windows-x86_64 | 4.2.0 | 21.00 | 110.00 | 131.00 | NOTE |
Version: 4.2.0
Check: Rd files
Result: NOTE
checkRd: (-1) simpopmlx.Rd:21: Lost braces; missing escapes or markup?
21 | \item{fim}{the Fisher Information Matrix estimated by Monolix. fim={"sa", "lin"} (default="sa")}
| ^
Flavors: r-devel-linux-x86_64-debian-clang, r-devel-linux-x86_64-debian-gcc, r-devel-linux-x86_64-fedora-clang, r-devel-linux-x86_64-fedora-gcc, r-devel-windows-x86_64, r-patched-linux-x86_64, r-release-linux-x86_64, r-release-macos-arm64, r-release-macos-x86_64, r-release-windows-x86_64, r-oldrel-macos-arm64, r-oldrel-macos-x86_64, r-oldrel-windows-x86_64