Last updated on 2025-02-16 09:50:47 CET.
Flavor | Version | Tinstall | Tcheck | Ttotal | Status | Flags |
---|---|---|---|---|---|---|
r-devel-linux-x86_64-debian-clang | 0.3.1 | 12.13 | 107.40 | 119.53 | OK | |
r-devel-linux-x86_64-debian-gcc | 0.3.1 | 8.78 | 77.94 | 86.72 | OK | |
r-devel-linux-x86_64-fedora-clang | 0.3.1 | 196.49 | OK | |||
r-devel-linux-x86_64-fedora-gcc | 0.3.1 | 94.32 | OK | |||
r-devel-macos-arm64 | 0.3.1 | 55.00 | OK | |||
r-devel-macos-x86_64 | 0.3.1 | 124.00 | OK | |||
r-devel-windows-x86_64 | 0.3.1 | 13.00 | 110.00 | 123.00 | OK | |
r-patched-linux-x86_64 | 0.3.1 | 10.58 | 98.49 | 109.07 | NOTE | |
r-release-linux-x86_64 | 0.3.1 | 11.30 | 98.77 | 110.07 | NOTE | |
r-release-macos-arm64 | 0.3.1 | 53.00 | NOTE | |||
r-release-macos-x86_64 | 0.3.1 | 91.00 | NOTE | |||
r-release-windows-x86_64 | 0.3.1 | 16.00 | 109.00 | 125.00 | NOTE | |
r-oldrel-macos-arm64 | 0.3.1 | 54.00 | NOTE | |||
r-oldrel-macos-x86_64 | 0.3.1 | 113.00 | NOTE | |||
r-oldrel-windows-x86_64 | 0.3.1 | 18.00 | 132.00 | 150.00 | NOTE |
Version: 0.3.1
Check: package dependencies
Result: NOTE
Package suggested but not available for checking: ‘mlr3proba’
Flavors: r-patched-linux-x86_64, r-release-linux-x86_64, r-release-macos-arm64, r-release-macos-x86_64, r-release-windows-x86_64, r-oldrel-macos-arm64, r-oldrel-macos-x86_64, r-oldrel-windows-x86_64