Last updated on 2025-02-06 09:52:35 CET.
Flavor | Version | Tinstall | Tcheck | Ttotal | Status | Flags |
---|---|---|---|---|---|---|
r-devel-linux-x86_64-debian-clang | 1.1.1 | 3.60 | 665.88 | 669.48 | NOTE | |
r-devel-linux-x86_64-debian-gcc | 1.1.1 | 3.25 | 372.04 | 375.29 | NOTE | |
r-devel-linux-x86_64-fedora-clang | 1.1.1 | 1187.37 | NOTE | |||
r-devel-linux-x86_64-fedora-gcc | 1.1.1 | 1039.96 | NOTE | |||
r-devel-windows-x86_64 | 1.1.1 | 6.00 | 524.00 | 530.00 | NOTE | |
r-patched-linux-x86_64 | 1.1.1 | 3.16 | 632.64 | 635.80 | OK | |
r-release-linux-x86_64 | 1.1.1 | 3.70 | 615.66 | 619.36 | OK | |
r-release-macos-arm64 | 1.1.1 | 218.00 | OK | |||
r-release-macos-x86_64 | 1.1.1 | 418.00 | OK | |||
r-release-windows-x86_64 | 1.1.1 | 6.00 | 519.00 | 525.00 | OK | |
r-oldrel-macos-arm64 | 1.1.1 | 220.00 | OK | |||
r-oldrel-macos-x86_64 | 1.1.1 | 474.00 | OK | |||
r-oldrel-windows-x86_64 | 1.1.1 | 8.00 | 821.00 | 829.00 | OK |
Version: 1.1.1
Check: DESCRIPTION meta-information
Result: NOTE
Missing dependency on R >= 4.1.0 because package code uses the pipe
|> or function shorthand \(...) syntax added in R 4.1.0.
File(s) using such syntax:
‘example.simfun.R’ ‘fit.surrogate.R’
Flavors: r-devel-linux-x86_64-debian-clang, r-devel-linux-x86_64-debian-gcc, r-devel-linux-x86_64-fedora-clang, r-devel-linux-x86_64-fedora-gcc, r-devel-windows-x86_64