Last updated on 2025-02-19 09:50:56 CET.
Flavor | Version | Tinstall | Tcheck | Ttotal | Status | Flags |
---|---|---|---|---|---|---|
r-devel-linux-x86_64-debian-clang | 1.1-10 | 9.72 | 47.63 | 57.35 | NOTE | |
r-devel-linux-x86_64-debian-gcc | 1.1-10 | 7.09 | 32.01 | 39.10 | NOTE | |
r-devel-linux-x86_64-fedora-clang | 1.1-10 | 93.97 | OK | |||
r-devel-linux-x86_64-fedora-gcc | 1.1-10 | 86.72 | OK | |||
r-devel-macos-arm64 | 1.1-10 | 24.00 | OK | |||
r-devel-macos-x86_64 | 1.1-10 | 52.00 | OK | |||
r-devel-windows-x86_64 | 1.1-10 | 10.00 | 61.00 | 71.00 | NOTE | |
r-patched-linux-x86_64 | 1.1-10 | 10.04 | 44.97 | 55.01 | OK | |
r-release-linux-x86_64 | 1.1-10 | 8.08 | 43.42 | 51.50 | OK | |
r-release-macos-arm64 | 1.1-10 | 25.00 | OK | |||
r-release-macos-x86_64 | 1.1-10 | 52.00 | OK | |||
r-release-windows-x86_64 | 1.1-10 | 10.00 | 60.00 | 70.00 | OK | |
r-oldrel-macos-arm64 | 1.1-10 | 26.00 | OK | |||
r-oldrel-macos-x86_64 | 1.1-10 | 43.00 | OK | |||
r-oldrel-windows-x86_64 | 1.1-10 | 10.00 | 62.00 | 72.00 | OK |
Version: 1.1-10
Check: Rd cross-references
Result: NOTE
Found the following Rd file(s) with Rd \link{} targets missing package
anchors:
mix.hist.Rd: histogram
Please provide package anchors for all Rd \link{} targets not in the
package itself and the base packages.
Flavors: r-devel-linux-x86_64-debian-clang, r-devel-linux-x86_64-debian-gcc, r-devel-windows-x86_64