Last updated on 2025-02-24 09:50:54 CET.
Flavor | Version | Tinstall | Tcheck | Ttotal | Status | Flags |
---|---|---|---|---|---|---|
r-devel-linux-x86_64-debian-clang | 0.0.5 | 23.94 | 24.37 | 48.31 | OK | |
r-devel-linux-x86_64-debian-gcc | 0.0.5 | 18.90 | 18.27 | 37.17 | OK | |
r-devel-linux-x86_64-fedora-clang | 0.0.5 | 108.47 | WARN | |||
r-devel-linux-x86_64-fedora-gcc | 0.0.5 | 91.06 | OK | |||
r-devel-macos-arm64 | 0.0.5 | 28.00 | OK | |||
r-devel-macos-x86_64 | 0.0.5 | 41.00 | OK | |||
r-devel-windows-x86_64 | 0.0.5 | 31.00 | 64.00 | 95.00 | OK | |
r-patched-linux-x86_64 | 0.0.5 | 27.51 | 23.00 | 50.51 | OK | |
r-release-linux-x86_64 | 0.0.5 | 25.05 | 23.18 | 48.23 | OK | |
r-release-macos-arm64 | 0.0.5 | 29.00 | OK | |||
r-release-macos-x86_64 | 0.0.5 | 56.00 | OK | |||
r-release-windows-x86_64 | 0.0.5 | 34.00 | 62.00 | 96.00 | OK | |
r-oldrel-macos-arm64 | 0.0.5 | 30.00 | OK | |||
r-oldrel-macos-x86_64 | 0.0.5 | 54.00 | OK | |||
r-oldrel-windows-x86_64 | 0.0.5 | 38.00 | 70.00 | 108.00 | OK |
Version: 0.0.5
Check: whether package can be installed
Result: WARN
Found the following significant warnings:
/data/gannet/ripley/R/test-clang/cpp11/include/cpp11/R.hpp:52:31: warning: identifier '_xl' preceded by whitespace in a literal operator declaration is deprecated [-Wdeprecated-literal-operator]
/data/gannet/ripley/R/test-clang/cpp11/include/cpp11/named_arg.hpp:42:29: warning: identifier '_nm' preceded by whitespace in a literal operator declaration is deprecated [-Wdeprecated-literal-operator]
/data/gannet/ripley/R/test-clang/tzdb/include/date/date.h:966:34: warning: identifier '_d' preceded by whitespace in a literal operator declaration is deprecated [-Wdeprecated-literal-operator]
/data/gannet/ripley/R/test-clang/tzdb/include/date/date.h:967:34: warning: identifier '_y' preceded by whitespace in a literal operator declaration is deprecated [-Wdeprecated-literal-operator]
/data/gannet/ripley/R/test-clang/tzdb/include/date/date.h:1975:13: warning: identifier '_d' preceded by whitespace in a literal operator declaration is deprecated [-Wdeprecated-literal-operator]
/data/gannet/ripley/R/test-clang/tzdb/include/date/date.h:1983:13: warning: identifier '_y' preceded by whitespace in a literal operator declaration is deprecated [-Wdeprecated-literal-operator]
See ‘/data/gannet/ripley/R/packages/tests-clang/minty.Rcheck/00install.out’ for details.
* used C++ compiler: ‘clang version 20.1.0-rc2’
Flavor: r-devel-linux-x86_64-fedora-clang