Last updated on 2025-05-10 09:50:36 CEST.
Flavor | Version | Tinstall | Tcheck | Ttotal | Status | Flags |
---|---|---|---|---|---|---|
r-devel-linux-x86_64-debian-clang | 0.5.1 | 10.35 | 26.88 | 37.23 | NOTE | |
r-devel-linux-x86_64-debian-gcc | 0.5.1 | 7.32 | 20.57 | 27.89 | NOTE | |
r-devel-linux-x86_64-fedora-clang | 0.5.1 | 62.76 | OK | |||
r-devel-linux-x86_64-fedora-gcc | 0.5.1 | 63.00 | OK | |||
r-devel-windows-x86_64 | 0.5.1 | 14.00 | 65.00 | 79.00 | OK | |
r-patched-linux-x86_64 | 0.5.1 | 9.66 | 25.69 | 35.35 | OK | |
r-release-linux-x86_64 | 0.5.1 | 10.34 | 25.83 | 36.17 | OK | |
r-release-macos-arm64 | 0.5.1 | 22.00 | OK | |||
r-release-macos-x86_64 | 0.5.1 | 36.00 | OK | |||
r-release-windows-x86_64 | 0.5.1 | 14.00 | 67.00 | 81.00 | OK | |
r-oldrel-macos-arm64 | 0.5.1 | 21.00 | OK | |||
r-oldrel-macos-x86_64 | 0.5.1 | 31.00 | OK | |||
r-oldrel-windows-x86_64 | 0.5.1 | 12.00 | 78.00 | 90.00 | OK |
Version: 0.5.1
Check: CRAN incoming feasibility
Result: NOTE
Maintainer: ‘Sebastian O. Schneider <sschneider@coll.mpg.de>’
No Authors@R field in DESCRIPTION.
Please add one, modifying
Authors@R: c(person(given = c("Sebastian", "O."),
family = "Schneider",
role = c("aut", "cre"),
email = "sschneider@coll.mpg.de"),
person(given = "Giulia",
family = "Baldini",
role = "aut"))
as necessary.
Flavors: r-devel-linux-x86_64-debian-clang, r-devel-linux-x86_64-debian-gcc