CRAN Package Check Results for Package metsyn

Last updated on 2025-02-18 09:50:44 CET.

Flavor Version Tinstall Tcheck Ttotal Status Flags
r-devel-linux-x86_64-debian-clang 0.1.2 3.99 31.45 35.44 OK
r-devel-linux-x86_64-debian-gcc 0.1.2 2.70 23.57 26.27 OK
r-devel-linux-x86_64-fedora-clang 0.1.2 56.73 OK
r-devel-linux-x86_64-fedora-gcc 0.1.2 54.42 OK
r-devel-macos-arm64 0.1.2 22.00 OK
r-devel-macos-x86_64 0.1.2 34.00 OK
r-devel-windows-x86_64 0.1.2 6.00 55.00 61.00 OK
r-patched-linux-x86_64 0.1.2 3.37 28.72 32.09 NOTE
r-release-linux-x86_64 0.1.2 2.96 29.03 31.99 NOTE
r-release-macos-arm64 0.1.2 21.00 NOTE
r-release-macos-x86_64 0.1.2 33.00 NOTE
r-release-windows-x86_64 0.1.2 6.00 49.00 55.00 NOTE
r-oldrel-macos-arm64 0.1.2 21.00 NOTE
r-oldrel-macos-x86_64 0.1.2 29.00 NOTE
r-oldrel-windows-x86_64 0.1.2 6.00 56.00 62.00 NOTE

Check Details

Version: 0.1.2
Check: LazyData
Result: NOTE 'LazyData' is specified without a 'data' directory Flavors: r-patched-linux-x86_64, r-release-linux-x86_64, r-release-macos-arm64, r-release-macos-x86_64, r-release-windows-x86_64, r-oldrel-macos-arm64, r-oldrel-macos-x86_64, r-oldrel-windows-x86_64