Last updated on 2025-02-16 09:50:46 CET.
Flavor | Version | Tinstall | Tcheck | Ttotal | Status | Flags |
---|---|---|---|---|---|---|
r-devel-linux-x86_64-debian-clang | 1.5-2 | 14.57 | 118.45 | 133.02 | NOTE | |
r-devel-linux-x86_64-debian-gcc | 1.5-2 | 9.69 | 81.31 | 91.00 | NOTE | |
r-devel-linux-x86_64-fedora-clang | 1.5-2 | 218.88 | OK | |||
r-devel-linux-x86_64-fedora-gcc | 1.5-2 | 193.79 | OK | |||
r-devel-macos-arm64 | 1.5-2 | 57.00 | OK | |||
r-devel-macos-x86_64 | 1.5-2 | 114.00 | OK | |||
r-devel-windows-x86_64 | 1.5-2 | 14.00 | 118.00 | 132.00 | NOTE | |
r-patched-linux-x86_64 | 1.5-2 | 20.02 | 107.97 | 127.99 | OK | |
r-release-linux-x86_64 | 1.5-2 | 13.86 | 108.83 | 122.69 | OK | |
r-release-macos-arm64 | 1.5-2 | 53.00 | OK | |||
r-release-macos-x86_64 | 1.5-2 | 77.00 | OK | |||
r-release-windows-x86_64 | 1.5-2 | 16.00 | 120.00 | 136.00 | OK | |
r-oldrel-macos-arm64 | 1.5-2 | 52.00 | OK | |||
r-oldrel-macos-x86_64 | 1.5-2 | 82.00 | OK | |||
r-oldrel-windows-x86_64 | 1.5-2 | 20.00 | 146.00 | 166.00 | OK |
Version: 1.5-2
Check: Rd cross-references
Result: NOTE
Found the following Rd file(s) with Rd \link{} targets missing package
anchors:
doiplot.Rd: metabias, funnel.meta
forest.orbbound.Rd: forest.meta
funnel.limitmeta.Rd: funnel.meta
lfkindex.Rd: metabias, funnel.meta
Please provide package anchors for all Rd \link{} targets not in the
package itself and the base packages.
Flavors: r-devel-linux-x86_64-debian-clang, r-devel-linux-x86_64-debian-gcc, r-devel-windows-x86_64