Last updated on 2025-02-18 09:50:44 CET.
Flavor | Version | Tinstall | Tcheck | Ttotal | Status | Flags |
---|---|---|---|---|---|---|
r-devel-linux-x86_64-debian-clang | 3.1.3 | 3.59 | 37.61 | 41.20 | OK | |
r-devel-linux-x86_64-debian-gcc | 3.1.3 | 2.22 | 28.26 | 30.48 | OK | |
r-devel-linux-x86_64-fedora-clang | 3.1.3 | 70.67 | OK | |||
r-devel-linux-x86_64-fedora-gcc | 3.1.3 | 79.95 | OK | |||
r-devel-macos-arm64 | 3.1.3 | 30.00 | OK | |||
r-devel-macos-x86_64 | 3.1.3 | 54.00 | OK | |||
r-devel-windows-x86_64 | 3.1.3 | 4.00 | 76.00 | 80.00 | OK | |
r-patched-linux-x86_64 | 3.1.3 | 2.70 | 35.60 | 38.30 | OK | |
r-release-linux-x86_64 | 3.1.3 | 3.23 | 35.20 | 38.43 | OK | |
r-release-macos-arm64 | 3.1.3 | 29.00 | NOTE | |||
r-release-macos-x86_64 | 3.1.3 | 46.00 | OK | |||
r-release-windows-x86_64 | 3.1.3 | 4.00 | 78.00 | 82.00 | OK | |
r-oldrel-macos-arm64 | 3.1.3 | 30.00 | NOTE | |||
r-oldrel-macos-x86_64 | 3.1.3 | 45.00 | NOTE | |||
r-oldrel-windows-x86_64 | 3.1.3 | 4.00 | 71.00 | 75.00 | OK |
Version: 3.1.3
Check: package dependencies
Result: NOTE
Packages suggested but not available for checking:
'hgu133plus2.db', 'hgu133a.db', 'hgu95av2.db'
Flavor: r-release-macos-arm64
Version: 3.1.3
Check: package dependencies
Result: NOTE
Packages suggested but not available for checking:
'GEOquery', 'annaffy', 'hgu133plus2.db', 'hgu133a.db', 'hgu95av2.db'
Flavor: r-oldrel-macos-arm64
Version: 3.1.3
Check: package dependencies
Result: NOTE
Packages suggested but not available for checking:
'org.Hs.eg.db', 'annaffy', 'hgu133plus2.db', 'hgu133a.db',
'hgu95av2.db'
Flavor: r-oldrel-macos-x86_64