Last updated on 2025-02-23 09:51:15 CET.
Flavor | Version | Tinstall | Tcheck | Ttotal | Status | Flags |
---|---|---|---|---|---|---|
r-devel-linux-x86_64-debian-clang | 1.2.0 | 15.59 | 174.19 | 189.78 | OK | |
r-devel-linux-x86_64-debian-gcc | 1.2.0 | 11.62 | 125.60 | 137.22 | OK | |
r-devel-linux-x86_64-fedora-clang | 1.2.1 | 207.16 | OK | |||
r-devel-linux-x86_64-fedora-gcc | 1.2.1 | 251.77 | OK | |||
r-devel-macos-arm64 | 1.1.0 | 102.00 | OK | |||
r-devel-macos-x86_64 | 1.2.1 | 189.00 | OK | |||
r-devel-windows-x86_64 | 1.1.0 | 19.00 | 192.00 | 211.00 | OK | |
r-patched-linux-x86_64 | 1.2.0 | 14.97 | 156.42 | 171.39 | OK | |
r-release-linux-x86_64 | 1.2.0 | 13.50 | 155.47 | 168.97 | OK | |
r-release-macos-arm64 | 1.1.0 | 95.00 | NOTE | |||
r-release-macos-x86_64 | 1.2.1 | 192.00 | NOTE | |||
r-release-windows-x86_64 | 1.2.0 | 19.00 | 185.00 | 204.00 | NOTE | |
r-oldrel-macos-arm64 | 1.1.0 | 124.00 | NOTE | |||
r-oldrel-macos-x86_64 | 1.2.1 | 182.00 | NOTE | |||
r-oldrel-windows-x86_64 | 1.2.0 | 24.00 | 235.00 | 259.00 | NOTE |
Version: 1.1.0
Check: installed package size
Result: NOTE
installed size is 5.2Mb
sub-directories of 1Mb or more:
data 4.2Mb
Flavors: r-release-macos-arm64, r-oldrel-macos-arm64
Version: 1.2.1
Check: installed package size
Result: NOTE
installed size is 5.2Mb
sub-directories of 1Mb or more:
data 4.2Mb
Flavors: r-release-macos-x86_64, r-oldrel-macos-x86_64
Version: 1.2.0
Check: installed package size
Result: NOTE
installed size is 5.2Mb
sub-directories of 1Mb or more:
data 4.1Mb
Flavors: r-release-windows-x86_64, r-oldrel-windows-x86_64