Last updated on 2025-04-15 09:52:25 CEST.
Flavor | Version | Tinstall | Tcheck | Ttotal | Status | Flags |
---|---|---|---|---|---|---|
r-devel-linux-x86_64-debian-clang | 0.6.9 | 828.23 | 255.85 | 1084.08 | OK | |
r-devel-linux-x86_64-debian-gcc | 0.6.9 | 798.77 | 240.56 | 1039.33 | OK | |
r-devel-linux-x86_64-fedora-clang | 0.6.9 | 1686.81 | OK | |||
r-devel-linux-x86_64-fedora-gcc | 0.6.9 | 2411.42 | OK | |||
r-devel-windows-x86_64 | 0.6.9 | 914.00 | 327.00 | 1241.00 | OK | |
r-patched-linux-x86_64 | 0.6.9 | 1007.08 | 331.95 | 1339.03 | OK | |
r-release-linux-x86_64 | 0.6.9 | 985.70 | 331.94 | 1317.64 | OK | |
r-release-macos-arm64 | 0.6.9 | 427.00 | OK | |||
r-release-macos-x86_64 | 0.6.9 | 688.00 | OK | |||
r-release-windows-x86_64 | 0.6.9 | 939.00 | 328.00 | 1267.00 | OK | |
r-oldrel-macos-arm64 | 0.6.9 | 243.00 | NOTE | |||
r-oldrel-macos-x86_64 | 0.6.9 | 241.00 | NOTE | |||
r-oldrel-windows-x86_64 | 0.6.9 | 1070.00 | 419.00 | 1489.00 | NOTE |
Version: 0.6.9
Check: installed package size
Result: NOTE
installed size is 129.7Mb
sub-directories of 1Mb or more:
libs 129.0Mb
Flavors: r-oldrel-macos-arm64, r-oldrel-macos-x86_64, r-oldrel-windows-x86_64
Version: 0.6.9
Check: for GNU extensions in Makefiles
Result: NOTE
GNU make is a SystemRequirements.
Flavors: r-oldrel-macos-arm64, r-oldrel-macos-x86_64