Last updated on 2025-05-09 09:51:46 CEST.
Flavor | Version | Tinstall | Tcheck | Ttotal | Status | Flags |
---|---|---|---|---|---|---|
r-devel-linux-x86_64-debian-clang | 3.2-9 | 4.28 | 39.86 | 44.14 | NOTE | |
r-devel-linux-x86_64-debian-gcc | 3.2-9 | 3.14 | 29.59 | 32.73 | NOTE | |
r-devel-linux-x86_64-fedora-clang | 3.2-9 | 69.26 | OK | |||
r-devel-linux-x86_64-fedora-gcc | 3.2-9 | 67.09 | OK | |||
r-devel-windows-x86_64 | 3.2-9 | 5.00 | 67.00 | 72.00 | OK | |
r-patched-linux-x86_64 | 3.2-9 | 4.85 | 37.33 | 42.18 | OK | |
r-release-linux-x86_64 | 3.2-9 | 4.20 | 37.53 | 41.73 | OK | |
r-release-macos-arm64 | 3.2-9 | 34.00 | OK | |||
r-release-macos-x86_64 | 3.2-9 | 43.00 | OK | |||
r-release-windows-x86_64 | 3.2-9 | 7.00 | 0.00 | 7.00 | FAIL | |
r-oldrel-macos-arm64 | 3.2-9 | 24.00 | OK | |||
r-oldrel-macos-x86_64 | 3.2-9 | 35.00 | OK | |||
r-oldrel-windows-x86_64 | 3.2-9 | 7.00 | 74.00 | 81.00 | OK |
Version: 3.2-9
Check: CRAN incoming feasibility
Result: NOTE
Maintainer: ‘Peter Solymos <psolymos@gmail.com>’
No Authors@R field in DESCRIPTION.
Please add one, modifying
Authors@R: person(given = "Peter",
family = "Solymos",
role = c("aut", "cre"),
email = "psolymos@gmail.com")
as necessary.
Flavors: r-devel-linux-x86_64-debian-clang, r-devel-linux-x86_64-debian-gcc
Version: 3.2-9
Check: PDF version of manual
Result: FAIL
Check process probably crashed or hung up for 20 minutes ... killed
Most likely this happened in the example checks (?),
if not, ignore the following last lines of example output:
287 WT1 cort 1 fresh
288 WT1 estr 1 broken
289 WT1 ffau 1 fresh
290 WT1 tuni 1 fresh
291 WT2 amin 2 fresh
292 WT2 apur 1 fresh
293 WT2 bbip 1 broken
294 WT2 dper 2 fresh
295 WT3 amin 4 broken
296 WT3 ffau 1 broken
297 WT3 vidi 1 fresh
> plot(dol)
>
>
>
> ### * <FOOTER>
> ###
> cleanEx()
> options(digits = 7L)
> base::cat("Time elapsed: ", proc.time() - base::get("ptime", pos = 'CheckExEnv'),"\n")
Time elapsed: 2.17 0.24 2.41 NA NA
> grDevices::dev.off()
null device
1
> ###
> ### Local variables: ***
> ### mode: outline-minor ***
> ### outline-regexp: "\\(> \\)?### [*]+" ***
> ### End: ***
> quit('no')
======== End of example output (where/before crash/hang up occured ?) ========
Flavor: r-release-windows-x86_64