Last updated on 2025-05-10 09:50:35 CEST.
Flavor | Version | Tinstall | Tcheck | Ttotal | Status | Flags |
---|---|---|---|---|---|---|
r-devel-linux-x86_64-debian-clang | 3.0 | 13.35 | 104.76 | 118.11 | NOTE | |
r-devel-linux-x86_64-debian-gcc | 3.0 | 9.06 | 76.96 | 86.02 | NOTE | |
r-devel-linux-x86_64-fedora-clang | 3.0 | 172.80 | OK | |||
r-devel-linux-x86_64-fedora-gcc | 3.0 | 194.90 | OK | |||
r-devel-windows-x86_64 | 3.0 | 13.00 | 111.00 | 124.00 | OK | |
r-patched-linux-x86_64 | 3.0 | 10.25 | 101.04 | 111.29 | OK | |
r-release-linux-x86_64 | 3.0 | 11.10 | 100.07 | 111.17 | OK | |
r-release-macos-arm64 | 3.0 | 81.00 | OK | |||
r-release-macos-x86_64 | 3.0 | 109.00 | OK | |||
r-release-windows-x86_64 | 3.0 | 14.00 | 113.00 | 127.00 | OK | |
r-oldrel-macos-arm64 | 3.0 | 56.00 | OK | |||
r-oldrel-macos-x86_64 | 3.0 | 83.00 | OK | |||
r-oldrel-windows-x86_64 | 3.0 | 17.00 | 141.00 | 158.00 | OK |
Version: 3.0
Check: CRAN incoming feasibility
Result: NOTE
Maintainer: ‘Ning Ning <patricianing@gmail.com>’
No Authors@R field in DESCRIPTION.
Please add one, modifying
Authors@R: c(person(given = "Jinwen",
family = "Qiu",
role = "aut",
email = "qjwsnow_ctw@hotmail.com"),
person(given = "Ning",
family = "Ning",
role = c("aut", "cre"),
email = "patricianing@gmail.com"))
as necessary.
Flavors: r-devel-linux-x86_64-debian-clang, r-devel-linux-x86_64-debian-gcc