Last updated on 2025-04-15 09:52:25 CEST.
Flavor | Version | Tinstall | Tcheck | Ttotal | Status | Flags |
---|---|---|---|---|---|---|
r-devel-linux-x86_64-debian-clang | 1.1.9 | 194.31 | 82.38 | 276.69 | OK | |
r-devel-linux-x86_64-debian-gcc | 1.1.9 | 133.15 | 56.13 | 189.28 | OK | |
r-devel-linux-x86_64-fedora-clang | 1.1.9 | 507.96 | OK | |||
r-devel-linux-x86_64-fedora-gcc | 1.1.9 | 530.40 | OK | |||
r-devel-windows-x86_64 | 1.1.9 | 189.00 | 166.00 | 355.00 | OK | |
r-patched-linux-x86_64 | 1.1.9 | 190.11 | 78.45 | 268.56 | OK | |
r-release-linux-x86_64 | 1.1.9 | 185.49 | 78.21 | 263.70 | OK | |
r-release-macos-arm64 | 1.1.9 | 104.00 | OK | |||
r-release-macos-x86_64 | 1.1.9 | 140.00 | OK | |||
r-release-windows-x86_64 | 1.1.9 | 200.00 | 161.00 | 361.00 | OK | |
r-oldrel-macos-arm64 | 1.1.9 | 97.00 | NOTE | |||
r-oldrel-macos-x86_64 | 1.1.9 | 135.00 | NOTE | |||
r-oldrel-windows-x86_64 | 1.1.9 | 237.00 | 195.00 | 432.00 | OK |
Version: 1.1.9
Check: installed package size
Result: NOTE
installed size is 14.1Mb
sub-directories of 1Mb or more:
libs 13.2Mb
Flavors: r-oldrel-macos-arm64, r-oldrel-macos-x86_64