CRAN Package Check Results for Package matahari

Last updated on 2025-04-15 09:52:25 CEST.

Flavor Version Tinstall Tcheck Ttotal Status Flags
r-devel-linux-x86_64-debian-clang 0.1.3 3.90 39.05 42.95 OK
r-devel-linux-x86_64-debian-gcc 0.1.3 2.58 29.21 31.79 OK
r-devel-linux-x86_64-fedora-clang 0.1.3 68.68 OK
r-devel-linux-x86_64-fedora-gcc 0.1.3 84.75 OK
r-devel-windows-x86_64 0.1.3 6.00 60.00 66.00 OK
r-patched-linux-x86_64 0.1.3 3.28 37.15 40.43 OK
r-release-linux-x86_64 0.1.3 3.57 36.79 40.36 OK
r-release-macos-arm64 0.1.3 29.00 OK
r-release-macos-x86_64 0.1.3 59.00 OK
r-release-windows-x86_64 0.1.3 6.00 65.00 71.00 OK
r-oldrel-macos-arm64 0.1.3 29.00 NOTE
r-oldrel-macos-x86_64 0.1.3 44.00 NOTE
r-oldrel-windows-x86_64 0.1.3 6.00 65.00 71.00 NOTE

Check Details

Version: 0.1.3
Check: LazyData
Result: NOTE 'LazyData' is specified without a 'data' directory Flavors: r-oldrel-macos-arm64, r-oldrel-macos-x86_64, r-oldrel-windows-x86_64