Last updated on 2025-02-16 09:50:43 CET.
Flavor | Version | Tinstall | Tcheck | Ttotal | Status | Flags |
---|---|---|---|---|---|---|
r-devel-linux-x86_64-debian-clang | 1.2.2 | 18.76 | 145.82 | 164.58 | OK | |
r-devel-linux-x86_64-debian-gcc | 1.2.2 | 10.77 | 106.81 | 117.58 | OK | |
r-devel-linux-x86_64-fedora-clang | 1.2.2 | 270.11 | OK | |||
r-devel-linux-x86_64-fedora-gcc | 1.2.2 | 259.43 | OK | |||
r-devel-macos-arm64 | 1.2.2 | 80.00 | OK | |||
r-devel-macos-x86_64 | 1.2.2 | 157.00 | OK | |||
r-devel-windows-x86_64 | 1.2.2 | 18.00 | 156.00 | 174.00 | OK | |
r-patched-linux-x86_64 | 1.2.2 | 16.91 | 136.09 | 153.00 | NOTE | |
r-release-linux-x86_64 | 1.2.2 | 16.88 | 137.48 | 154.36 | NOTE | |
r-release-macos-arm64 | 1.2.2 | 86.00 | NOTE | |||
r-release-macos-x86_64 | 1.2.2 | 214.00 | NOTE | |||
r-release-windows-x86_64 | 1.2.2 | 20.00 | 147.00 | 167.00 | OK | |
r-oldrel-macos-arm64 | 1.2.2 | 129.00 | NOTE | |||
r-oldrel-macos-x86_64 | 1.2.2 | 191.00 | NOTE | |||
r-oldrel-windows-x86_64 | 1.2.2 | 24.00 | 228.00 | 252.00 | NOTE |
Version: 1.2.2
Check: package dependencies
Result: NOTE
Package suggested but not available for checking: ‘INLA’
Flavors: r-patched-linux-x86_64, r-release-linux-x86_64, r-release-macos-arm64, r-release-macos-x86_64, r-oldrel-macos-arm64, r-oldrel-macos-x86_64, r-oldrel-windows-x86_64
Version: 1.2.2
Check: Rd cross-references
Result: NOTE
Package unavailable to check Rd xrefs: ‘INLA’
Flavors: r-patched-linux-x86_64, r-release-linux-x86_64, r-release-macos-arm64, r-release-macos-x86_64, r-oldrel-macos-arm64, r-oldrel-macos-x86_64
Version: 1.2.2
Check: Rd cross-references
Result: NOTE
Unknown package 'INLA' in Rd xrefs
Flavor: r-oldrel-windows-x86_64