CRAN Package Check Results for Package makeProject

Last updated on 2025-04-16 09:53:03 CEST.

Flavor Version Tinstall Tcheck Ttotal Status Flags
r-devel-linux-x86_64-debian-clang 1.0 1.49 14.95 16.44 NOTE
r-devel-linux-x86_64-debian-gcc 1.0 1.24 12.34 13.58 NOTE
r-devel-linux-x86_64-fedora-clang 1.0 26.22 NOTE
r-devel-linux-x86_64-fedora-gcc 1.0 24.88 NOTE
r-devel-windows-x86_64 1.0 2.00 35.00 37.00 NOTE
r-patched-linux-x86_64 1.0 1.51 14.74 16.25 NOTE
r-release-linux-x86_64 1.0 1.38 14.88 16.26 NOTE
r-release-macos-arm64 1.0 13.00 NOTE
r-release-macos-x86_64 1.0 20.00 NOTE
r-release-windows-x86_64 1.0 2.00 39.00 41.00 NOTE
r-oldrel-macos-arm64 1.0 13.00 NOTE
r-oldrel-macos-x86_64 1.0 17.00 NOTE
r-oldrel-windows-x86_64 1.0 3.00 32.00 35.00 NOTE

Check Details

Version: 1.0
Check: Rd files
Result: NOTE checkRd: (-1) makeProject.Rd:34: Lost braces 34 | email{noahsilverman@ucla.edu} | ^ Flavors: r-devel-linux-x86_64-debian-clang, r-devel-linux-x86_64-debian-gcc, r-devel-linux-x86_64-fedora-clang, r-devel-linux-x86_64-fedora-gcc, r-devel-windows-x86_64, r-patched-linux-x86_64, r-release-linux-x86_64, r-release-macos-arm64, r-release-macos-x86_64, r-release-windows-x86_64, r-oldrel-macos-arm64, r-oldrel-macos-x86_64, r-oldrel-windows-x86_64