Last updated on 2025-02-18 09:50:41 CET.
Flavor | Version | Tinstall | Tcheck | Ttotal | Status | Flags |
---|---|---|---|---|---|---|
r-devel-linux-x86_64-debian-clang | 2.0.3 | 1.92 | 28.20 | 30.12 | NOTE | |
r-devel-linux-x86_64-debian-gcc | 2.0.3 | 2.09 | 22.87 | 24.96 | NOTE | |
r-devel-linux-x86_64-fedora-clang | 2.0.3 | 54.32 | NOTE | |||
r-devel-linux-x86_64-fedora-gcc | 2.0.3 | 62.28 | NOTE | |||
r-devel-macos-arm64 | 2.0.3 | 42.00 | NOTE | |||
r-devel-macos-x86_64 | 2.0.3 | 71.00 | NOTE | |||
r-devel-windows-x86_64 | 2.0.3 | 7.00 | 69.00 | 76.00 | NOTE | |
r-patched-linux-x86_64 | 2.0.3 | 2.36 | 27.12 | 29.48 | OK | |
r-release-linux-x86_64 | 2.0.3 | 2.07 | 27.15 | 29.22 | OK | |
r-release-macos-arm64 | 2.0.3 | 36.00 | ERROR | |||
r-release-macos-x86_64 | 2.0.3 | 68.00 | OK | |||
r-release-windows-x86_64 | 2.0.3 | 8.00 | 57.00 | 65.00 | OK | |
r-oldrel-macos-arm64 | 2.0.3 | 45.00 | OK | |||
r-oldrel-macos-x86_64 | 2.0.3 | 43.00 | OK | |||
r-oldrel-windows-x86_64 | 2.0.3 | 8.00 | 76.00 | 84.00 | OK |
Version: 2.0.3
Check: compiled code
Result: NOTE
File ‘magrittr/libs/magrittr.so’:
Found non-API calls to R: ‘Rf_findVarInFrame3’, ‘SET_ENCLOS’,
‘SET_PRCODE’, ‘SET_PRENV’, ‘SET_PRVALUE’
Compiled code should not call non-API entry points in R.
See ‘Writing portable packages’ in the ‘Writing R Extensions’ manual,
and section ‘Moving into C API compliance’ for issues with the use of
non-API entry points.
Flavors: r-devel-linux-x86_64-debian-clang, r-devel-linux-x86_64-debian-gcc, r-devel-linux-x86_64-fedora-clang, r-devel-linux-x86_64-fedora-gcc, r-devel-macos-arm64, r-devel-macos-x86_64
Version: 2.0.3
Check: compiled code
Result: NOTE
File 'magrittr/libs/x64/magrittr.dll':
Found non-API calls to R: 'Rf_findVarInFrame3', 'SET_ENCLOS',
'SET_PRCODE', 'SET_PRENV', 'SET_PRVALUE'
Compiled code should not call non-API entry points in R.
See 'Writing portable packages' in the 'Writing R Extensions' manual,
and section 'Moving into C API compliance' for issues with the use of
non-API entry points.
Flavor: r-devel-windows-x86_64
Version: 2.0.3
Check: tests
Result: ERROR
Running ‘testthat.R’ [0s/0s]
Running the tests in ‘tests/testthat.R’ failed.
Complete output:
> library(testthat)
Error: package or namespace load failed for 'testthat' in loadNamespace(j <- i[[1L]], c(lib.loc, .libPaths()), versionCheck = vI[[j]]):
there is no package called 'R6'
Execution halted
Flavor: r-release-macos-arm64