CRAN Package Check Results for Package magicLamp

Last updated on 2025-05-08 09:54:03 CEST.

Flavor Version Tinstall Tcheck Ttotal Status Flags
r-devel-linux-x86_64-debian-clang 0.1.0 1.43 16.94 18.37 NOTE
r-devel-linux-x86_64-debian-gcc 0.1.0 1.30 14.09 15.39 NOTE
r-devel-linux-x86_64-fedora-clang 0.1.0 29.22 OK
r-devel-linux-x86_64-fedora-gcc 0.1.0 27.89 OK
r-devel-windows-x86_64 0.1.0 4.00 38.00 42.00 OK
r-patched-linux-x86_64 0.1.0 1.68 16.36 18.04 OK
r-release-linux-x86_64 0.1.0 1.49 16.49 17.98 OK
r-release-macos-arm64 0.1.0 16.00 OK
r-release-macos-x86_64 0.1.0 23.00 OK
r-release-windows-x86_64 0.1.0 4.00 40.00 44.00 OK
r-oldrel-macos-arm64 0.1.0 16.00 NOTE
r-oldrel-macos-x86_64 0.1.0 19.00 NOTE
r-oldrel-windows-x86_64 0.1.0 4.00 43.00 47.00 NOTE

Check Details

Version: 0.1.0
Check: CRAN incoming feasibility
Result: NOTE Maintainer: ‘Simon Garnier <garnier@njit.edu>’ No Authors@R field in DESCRIPTION. Please add one, modifying Authors@R: person(given = "Simon", family = "Garnier", role = c("aut", "cre"), email = "garnier@njit.edu") as necessary. Flavors: r-devel-linux-x86_64-debian-clang, r-devel-linux-x86_64-debian-gcc

Version: 0.1.0
Check: LazyData
Result: NOTE 'LazyData' is specified without a 'data' directory Flavors: r-oldrel-macos-arm64, r-oldrel-macos-x86_64, r-oldrel-windows-x86_64