Last updated on 2025-02-16 09:50:43 CET.
Flavor | Version | Tinstall | Tcheck | Ttotal | Status | Flags |
---|---|---|---|---|---|---|
r-devel-linux-x86_64-debian-clang | 1.0.0 | 19.63 | 136.06 | 155.69 | NOTE | |
r-devel-linux-x86_64-debian-gcc | 1.0.0 | 12.95 | 96.39 | 109.34 | NOTE | |
r-devel-linux-x86_64-fedora-clang | 1.0.0 | 272.99 | OK | |||
r-devel-linux-x86_64-fedora-gcc | 1.0.0 | 238.19 | OK | |||
r-devel-macos-arm64 | 1.0.0 | 67.00 | OK | |||
r-devel-macos-x86_64 | 1.0.0 | 120.00 | OK | |||
r-devel-windows-x86_64 | 1.0.0 | 20.00 | 132.00 | 152.00 | NOTE | |
r-patched-linux-x86_64 | 1.0.0 | 27.70 | 128.03 | 155.73 | OK | |
r-release-linux-x86_64 | 1.0.0 | 17.57 | 127.71 | 145.28 | OK | |
r-release-macos-arm64 | 1.0.0 | 63.00 | OK | |||
r-release-macos-x86_64 | 1.0.0 | 118.00 | OK | |||
r-release-windows-x86_64 | 1.0.0 | 20.00 | 142.00 | 162.00 | OK | |
r-oldrel-macos-arm64 | 1.0.0 | 84.00 | OK | |||
r-oldrel-macos-x86_64 | 1.0.0 | 149.00 | OK | |||
r-oldrel-windows-x86_64 | 1.0.0 | 26.00 | 166.00 | 192.00 | OK |
Version: 1.0.0
Check: Rd cross-references
Result: NOTE
Found the following Rd file(s) with Rd \link{} targets missing package
anchors:
mediate_iv.Rd: el.test, BBoptim, spg
mediate_zi.Rd: survreg, Surv, mgcv, s, summary.mediate, plot.mediate
mediate_zi_vcoef.Rd: summary.mediate, plot.mediate
Please provide package anchors for all Rd \link{} targets not in the
package itself and the base packages.
Flavors: r-devel-linux-x86_64-debian-clang, r-devel-linux-x86_64-debian-gcc, r-devel-windows-x86_64