Last updated on 2025-07-13 09:49:45 CEST.
Flavor | Version | Tinstall | Tcheck | Ttotal | Status | Flags |
---|---|---|---|---|---|---|
r-devel-linux-x86_64-debian-clang | 1.1.0 | 5.95 | 81.67 | 87.62 | OK | |
r-devel-linux-x86_64-debian-gcc | 1.1.0 | 5.04 | 57.20 | 62.24 | OK | |
r-devel-linux-x86_64-fedora-clang | 1.1.0 | 138.16 | OK | |||
r-devel-linux-x86_64-fedora-gcc | 1.1.0 | 141.18 | OK | |||
r-devel-windows-x86_64 | 1.1.0 | 7.00 | 97.00 | 104.00 | OK | |
r-patched-linux-x86_64 | 1.1.0 | 6.89 | 76.94 | 83.83 | OK | |
r-release-linux-x86_64 | 1.1.0 | 6.16 | 76.49 | 82.65 | OK | |
r-release-macos-arm64 | 1.0 | 46.00 | NOTE | |||
r-release-macos-x86_64 | 1.1.0 | 75.00 | OK | |||
r-release-windows-x86_64 | 1.1.0 | 7.00 | 106.00 | 113.00 | OK | |
r-oldrel-macos-arm64 | 1.0 | 46.00 | NOTE | |||
r-oldrel-macos-x86_64 | 1.1.0 | 75.00 | OK | |||
r-oldrel-windows-x86_64 | 1.1.0 | 10.00 | 116.00 | 126.00 | OK |
Version: 1.0
Check: Rd files
Result: NOTE
checkRd: (-1) xytb-class.Rd:26: Lost braces; missing escapes or markup?
26 | v: \tab speed (m.s^{-1})\cr
| ^
Flavors: r-release-macos-arm64, r-oldrel-macos-arm64