Last updated on 2025-07-13 09:49:44 CEST.
Flavor | Version | Tinstall | Tcheck | Ttotal | Status | Flags |
---|---|---|---|---|---|---|
r-devel-linux-x86_64-debian-clang | 0.1.4 | 2.98 | 26.75 | 29.73 | NOTE | |
r-devel-linux-x86_64-debian-gcc | 0.1.4 | 2.23 | 21.71 | 23.94 | NOTE | |
r-devel-linux-x86_64-fedora-clang | 0.1.4 | 45.51 | OK | |||
r-devel-linux-x86_64-fedora-gcc | 0.1.4 | 43.58 | OK | |||
r-devel-windows-x86_64 | 0.1.4 | 4.00 | 53.00 | 57.00 | OK | |
r-patched-linux-x86_64 | 0.1.4 | 3.17 | 25.56 | 28.73 | OK | |
r-release-linux-x86_64 | 0.1.4 | 1.85 | 25.26 | 27.11 | OK | |
r-release-macos-arm64 | 0.1.4 | 21.00 | OK | |||
r-release-macos-x86_64 | 0.1.4 | 50.00 | OK | |||
r-release-windows-x86_64 | 0.1.4 | 4.00 | 56.00 | 60.00 | OK | |
r-oldrel-macos-arm64 | 0.1.4 | 20.00 | OK | |||
r-oldrel-macos-x86_64 | 0.1.4 | 43.00 | OK | |||
r-oldrel-windows-x86_64 | 0.1.4 | 5.00 | 57.00 | 62.00 | OK |
Version: 0.1.4
Check: CRAN incoming feasibility
Result: NOTE
Maintainer: ‘Marvin N. Wright <marv@wrig.de>’
No Authors@R field in DESCRIPTION.
Please add one, modifying
Authors@R: person(given = c("Marvin", "N."),
family = "Wright",
role = c("aut", "cre"),
email = "marv@wrig.de")
as necessary.
Flavors: r-devel-linux-x86_64-debian-clang, r-devel-linux-x86_64-debian-gcc