CRAN Package Check Results for Package llogistic

Last updated on 2025-02-16 09:50:42 CET.

Flavor Version Tinstall Tcheck Ttotal Status Flags
r-devel-linux-x86_64-debian-clang 1.0.3 1.65 16.17 17.82 OK
r-devel-linux-x86_64-debian-gcc 1.0.3 1.36 13.42 14.78 OK
r-devel-linux-x86_64-fedora-clang 1.0.3 29.92 OK
r-devel-linux-x86_64-fedora-gcc 1.0.3 27.66 OK
r-devel-macos-arm64 1.0.3 14.00 OK
r-devel-macos-x86_64 1.0.3 27.00 OK
r-devel-windows-x86_64 1.0.3 4.00 39.00 43.00 OK
r-patched-linux-x86_64 1.0.3 1.45 15.74 17.19 NOTE
r-release-linux-x86_64 1.0.3 1.45 15.70 17.15 NOTE
r-release-macos-arm64 1.0.3 14.00 NOTE
r-release-macos-x86_64 1.0.3 20.00 NOTE
r-release-windows-x86_64 1.0.3 4.00 37.00 41.00 NOTE
r-oldrel-macos-arm64 1.0.3 14.00 NOTE
r-oldrel-macos-x86_64 1.0.3 19.00 NOTE
r-oldrel-windows-x86_64 1.0.3 3.00 37.00 40.00 NOTE

Check Details

Version: 1.0.3
Check: LazyData
Result: NOTE 'LazyData' is specified without a 'data' directory Flavors: r-patched-linux-x86_64, r-release-linux-x86_64, r-release-macos-arm64, r-release-macos-x86_64, r-release-windows-x86_64, r-oldrel-macos-arm64, r-oldrel-macos-x86_64, r-oldrel-windows-x86_64