CRAN Package Check Results for Package ljr

Last updated on 2025-02-18 09:50:41 CET.

Flavor Version Tinstall Tcheck Ttotal Status Flags
r-devel-linux-x86_64-debian-clang 1.4-0 9.27 22.21 31.48 OK
r-devel-linux-x86_64-debian-gcc 1.4-0 8.44 17.55 25.99 OK
r-devel-linux-x86_64-fedora-clang 1.4-0 49.05 NOTE
r-devel-linux-x86_64-fedora-gcc 1.4-0 45.84 NOTE
r-devel-macos-arm64 1.4-0 22.00 OK
r-devel-macos-x86_64 1.4-0 39.00 OK
r-devel-windows-x86_64 1.4-0 23.00 58.00 81.00 OK
r-patched-linux-x86_64 1.4-0 9.17 21.02 30.19 OK
r-release-linux-x86_64 1.4-0 9.02 21.00 30.02 OK
r-release-macos-arm64 1.4-0 21.00 OK
r-release-macos-x86_64 1.4-0 34.00 OK
r-release-windows-x86_64 1.4-0 23.00 50.00 73.00 OK
r-oldrel-macos-arm64 1.4-0 21.00 OK
r-oldrel-macos-x86_64 1.4-0 32.00 OK
r-oldrel-windows-x86_64 1.4-0 24.00 51.00 75.00 OK

Check Details

Version: 1.4-0
Check: compiled code
Result: NOTE File ‘ljr/libs/ljr.so’: Found no calls to: ‘R_registerRoutines’, ‘R_useDynamicSymbols’ It is good practice to register native routines and to disable symbol search. See ‘Writing portable packages’ in the ‘Writing R Extensions’ manual. Flavors: r-devel-linux-x86_64-fedora-clang, r-devel-linux-x86_64-fedora-gcc