Last updated on 2025-05-10 09:50:34 CEST.
Flavor | Version | Tinstall | Tcheck | Ttotal | Status | Flags |
---|---|---|---|---|---|---|
r-devel-linux-x86_64-debian-clang | 1.9 | 5.55 | 40.30 | 45.85 | NOTE | |
r-devel-linux-x86_64-debian-gcc | 1.9 | 3.33 | 28.81 | 32.14 | NOTE | |
r-devel-linux-x86_64-fedora-clang | 1.9 | 72.45 | OK | |||
r-devel-linux-x86_64-fedora-gcc | 1.9 | 69.62 | OK | |||
r-devel-windows-x86_64 | 1.9 | 7.00 | 68.00 | 75.00 | OK | |
r-patched-linux-x86_64 | 1.9 | 6.90 | 37.54 | 44.44 | OK | |
r-release-linux-x86_64 | 1.9 | 5.41 | 38.30 | 43.71 | OK | |
r-release-macos-arm64 | 1.9 | 21.00 | OK | |||
r-release-macos-x86_64 | 1.9 | 40.00 | OK | |||
r-release-windows-x86_64 | 1.9 | 6.00 | 67.00 | 73.00 | OK | |
r-oldrel-macos-arm64 | 1.9 | 21.00 | OK | |||
r-oldrel-macos-x86_64 | 1.9 | 33.00 | OK | |||
r-oldrel-windows-x86_64 | 1.9 | 6.00 | 73.00 | 79.00 | OK |
Version: 1.9
Check: CRAN incoming feasibility
Result: NOTE
Maintainer: ‘Petter Mostad <mostad@chalmers.se>’
No Authors@R field in DESCRIPTION.
Please add one, modifying
Authors@R: person(given = "Petter",
family = "Mostad",
role = c("aut", "cre"),
email = "mostad@chalmers.se")
as necessary.
Flavors: r-devel-linux-x86_64-debian-clang, r-devel-linux-x86_64-debian-gcc