CRAN Package Check Results for Package lakhesis

Last updated on 2025-04-15 09:52:24 CEST.

Flavor Version Tinstall Tcheck Ttotal Status Flags
r-devel-linux-x86_64-debian-clang 0.0.1 2.77 34.38 37.15 OK
r-devel-linux-x86_64-debian-gcc 0.0.1 2.07 24.79 26.86 OK
r-devel-linux-x86_64-fedora-clang 0.0.1 59.10 NOTE
r-devel-linux-x86_64-fedora-gcc 0.0.1 57.08 NOTE
r-devel-windows-x86_64 0.0.1 4.00 59.00 63.00 OK
r-patched-linux-x86_64 0.0.1 3.03 33.41 36.44 OK
r-release-linux-x86_64 0.0.1 2.71 33.53 36.24 OK
r-release-macos-arm64 0.0.1 20.00 OK
r-release-macos-x86_64 0.0.1 37.00 OK
r-release-windows-x86_64 0.0.1 6.00 61.00 67.00 OK
r-oldrel-macos-arm64 0.0.1 22.00 OK
r-oldrel-macos-x86_64 0.0.1 54.00 OK
r-oldrel-windows-x86_64 0.0.1 6.00 65.00 71.00 OK

Check Details

Version: 0.0.1
Check: dependencies in R code
Result: NOTE Namespaces in Imports field not imported from: ‘bslib’ ‘ggplot2’ ‘shinydashboard’ All declared Imports should be used. Flavors: r-devel-linux-x86_64-fedora-clang, r-devel-linux-x86_64-fedora-gcc