CRAN Package Check Results for Package kpodclustr

Last updated on 2025-02-19 09:50:52 CET.

Flavor Version Tinstall Tcheck Ttotal Status Flags
r-devel-linux-x86_64-debian-clang 1.1 1.49 17.04 18.53 OK
r-devel-linux-x86_64-debian-gcc 1.1 1.34 13.92 15.26 OK
r-devel-linux-x86_64-fedora-clang 1.1 29.54 OK
r-devel-linux-x86_64-fedora-gcc 1.1 28.04 OK
r-devel-macos-arm64 1.1 14.00 OK
r-devel-macos-x86_64 1.1 21.00 OK
r-devel-windows-x86_64 1.1 3.00 37.00 40.00 OK
r-patched-linux-x86_64 1.1 1.71 16.25 17.96 NOTE
r-release-linux-x86_64 1.1 1.36 16.34 17.70 NOTE
r-release-macos-arm64 1.1 14.00 NOTE
r-release-macos-x86_64 1.1 20.00 NOTE
r-release-windows-x86_64 1.1 2.00 36.00 38.00 NOTE
r-oldrel-macos-arm64 1.1 14.00 NOTE
r-oldrel-macos-x86_64 1.1 17.00 NOTE
r-oldrel-windows-x86_64 1.1 6.00 35.00 41.00 NOTE

Check Details

Version: 1.1
Check: LazyData
Result: NOTE 'LazyData' is specified without a 'data' directory Flavors: r-patched-linux-x86_64, r-release-linux-x86_64, r-release-macos-arm64, r-release-macos-x86_64, r-release-windows-x86_64, r-oldrel-macos-arm64, r-oldrel-macos-x86_64, r-oldrel-windows-x86_64