CRAN Package Check Results for Package kinship2

Last updated on 2025-05-08 09:54:02 CEST.

Flavor Version Tinstall Tcheck Ttotal Status Flags
r-devel-linux-x86_64-debian-clang 1.9.6.1 9.00 93.48 102.48 NOTE
r-devel-linux-x86_64-debian-gcc 1.9.6.1 7.21 69.56 76.77 NOTE
r-devel-linux-x86_64-fedora-clang 1.9.6.1 160.09 OK
r-devel-linux-x86_64-fedora-gcc 1.9.6.1 183.92 OK
r-devel-windows-x86_64 1.9.6.1 10.00 112.00 122.00 NOTE
r-patched-linux-x86_64 1.9.6.1 10.51 89.22 99.73 NOTE
r-release-linux-x86_64 1.9.6.1 8.61 89.48 98.09 NOTE
r-release-macos-arm64 1.9.6.1 69.00 OK
r-release-macos-x86_64 1.9.6.1 131.00 OK
r-release-windows-x86_64 1.9.6.1 10.00 112.00 122.00 NOTE
r-oldrel-macos-arm64 1.9.6.1 60.00 OK
r-oldrel-macos-x86_64 1.9.6.1 108.00 OK
r-oldrel-windows-x86_64 1.9.6.1 14.00 133.00 147.00 OK

Check Details

Version: 1.9.6.1
Check: Rd cross-references
Result: NOTE Found the following Rd file(s) with Rd \link{} targets missing package anchors: ibdMatrix.Rd: Matrix Please provide package anchors for all Rd \link{} targets not in the package itself and the base packages. Flavors: r-devel-linux-x86_64-debian-clang, r-devel-linux-x86_64-debian-gcc, r-devel-windows-x86_64, r-patched-linux-x86_64, r-release-linux-x86_64, r-release-windows-x86_64