Last updated on 2025-02-19 09:50:52 CET.
Flavor | Version | Tinstall | Tcheck | Ttotal | Status | Flags |
---|---|---|---|---|---|---|
r-devel-linux-x86_64-debian-clang | 1.1.0 | 33.04 | 27.02 | 60.06 | OK | |
r-devel-linux-x86_64-debian-gcc | 1.1.0 | 31.74 | 26.70 | 58.44 | OK | |
r-devel-linux-x86_64-fedora-clang | 1.1.0 | 108.18 | OK | |||
r-devel-linux-x86_64-fedora-gcc | 1.1.0 | 132.92 | OK | |||
r-devel-macos-arm64 | 1.1.0 | 33.00 | OK | |||
r-devel-macos-x86_64 | 1.1.0 | 68.00 | OK | |||
r-devel-windows-x86_64 | 1.1.0 | 44.00 | 75.00 | 119.00 | OK | |
r-patched-linux-x86_64 | 1.1.0 | 42.09 | 32.79 | 74.88 | OK | |
r-release-linux-x86_64 | 1.1.0 | 42.33 | 32.92 | 75.25 | OK | |
r-release-macos-arm64 | 1.1.0 | 35.00 | NOTE | |||
r-release-macos-x86_64 | 1.1.0 | 86.00 | NOTE | |||
r-release-windows-x86_64 | 1.1.0 | 42.00 | 76.00 | 118.00 | OK | |
r-oldrel-macos-arm64 | 1.1.0 | 36.00 | NOTE | |||
r-oldrel-macos-x86_64 | 1.1.0 | 78.00 | NOTE | |||
r-oldrel-windows-x86_64 | 1.1.0 | 50.00 | 105.00 | 155.00 | OK |
Version: 1.1.0
Check: installed package size
Result: NOTE
installed size is 17.0Mb
sub-directories of 1Mb or more:
libs 16.8Mb
Flavors: r-release-macos-arm64, r-release-macos-x86_64, r-oldrel-macos-arm64, r-oldrel-macos-x86_64