Last updated on 2025-02-16 09:50:42 CET.
Flavor | Version | Tinstall | Tcheck | Ttotal | Status | Flags |
---|---|---|---|---|---|---|
r-devel-linux-x86_64-debian-clang | 1.2.2 | 42.93 | 30.66 | 73.59 | NOTE | |
r-devel-linux-x86_64-debian-gcc | 1.2.2 | 34.26 | 23.72 | 57.98 | NOTE | |
r-devel-linux-x86_64-fedora-clang | 1.2.2 | 136.72 | NOTE | |||
r-devel-linux-x86_64-fedora-gcc | 1.2.2 | 163.34 | NOTE | |||
r-devel-macos-arm64 | 1.2.2 | 43.00 | NOTE | |||
r-devel-macos-x86_64 | 1.2.2 | 106.00 | NOTE | |||
r-devel-windows-x86_64 | 1.2.2 | 48.00 | 70.00 | 118.00 | NOTE | |
r-patched-linux-x86_64 | 1.2.2 | 47.55 | 29.15 | 76.70 | NOTE | |
r-release-linux-x86_64 | 1.2.2 | 48.28 | 28.74 | 77.02 | NOTE | |
r-release-macos-arm64 | 1.2.2 | 45.00 | NOTE | |||
r-release-macos-x86_64 | 1.2.2 | 72.00 | NOTE | |||
r-release-windows-x86_64 | 1.2.2 | 51.00 | 75.00 | 126.00 | NOTE | |
r-oldrel-macos-arm64 | 1.2.2 | 55.00 | NOTE | |||
r-oldrel-macos-x86_64 | 1.2.2 | 69.00 | NOTE | |||
r-oldrel-windows-x86_64 | 1.2.2 | 59.00 | 80.00 | 139.00 | NOTE |
Version: 1.2.2
Check: C++ specification
Result: NOTE
Specified C++11: please drop specification unless essential
Flavors: r-devel-linux-x86_64-debian-clang, r-devel-linux-x86_64-debian-gcc, r-devel-linux-x86_64-fedora-clang, r-devel-linux-x86_64-fedora-gcc, r-devel-macos-arm64, r-devel-macos-x86_64, r-devel-windows-x86_64, r-patched-linux-x86_64, r-release-linux-x86_64, r-release-macos-arm64, r-release-macos-x86_64, r-release-windows-x86_64, r-oldrel-macos-arm64, r-oldrel-macos-x86_64, r-oldrel-windows-x86_64
Version: 1.2.2
Check: installed package size
Result: NOTE
installed size is 5.3Mb
sub-directories of 1Mb or more:
doc 1.2Mb
libs 3.9Mb
Flavors: r-release-macos-arm64, r-release-macos-x86_64, r-oldrel-macos-arm64, r-oldrel-macos-x86_64