Last updated on 2025-02-24 09:50:50 CET.
Flavor | Version | Tinstall | Tcheck | Ttotal | Status | Flags |
---|---|---|---|---|---|---|
r-devel-linux-x86_64-debian-clang | 0.3.1 | 51.95 | 40.76 | 92.71 | OK | |
r-devel-linux-x86_64-debian-gcc | 0.3.1 | 40.60 | 31.62 | 72.22 | OK | |
r-devel-linux-x86_64-fedora-clang | 0.3.1 | 173.43 | WARN | |||
r-devel-linux-x86_64-fedora-gcc | 0.3.1 | 187.99 | OK | |||
r-devel-macos-arm64 | 0.3.1 | 56.00 | OK | |||
r-devel-macos-x86_64 | 0.3.1 | 95.00 | OK | |||
r-devel-windows-x86_64 | 0.3.1 | 52.00 | 86.00 | 138.00 | OK | |
r-patched-linux-x86_64 | 0.3.1 | 53.63 | 39.04 | 92.67 | OK | |
r-release-linux-x86_64 | 0.3.1 | 58.31 | 39.73 | 98.04 | OK | |
r-release-macos-arm64 | 0.3.1 | 50.00 | NOTE | |||
r-release-macos-x86_64 | 0.3.1 | 77.00 | NOTE | |||
r-release-windows-x86_64 | 0.3.1 | 50.00 | 89.00 | 139.00 | OK | |
r-oldrel-macos-arm64 | 0.3.1 | 72.00 | NOTE | |||
r-oldrel-macos-x86_64 | 0.3.1 | 117.00 | NOTE | |||
r-oldrel-windows-x86_64 | 0.3.1 | 55.00 | 95.00 | 150.00 | OK |
Version: 0.3.1
Check: whether package can be installed
Result: WARN
Found the following significant warnings:
/data/gannet/ripley/R/test-clang/cpp11/include/cpp11/R.hpp:52:31: warning: identifier '_xl' preceded by whitespace in a literal operator declaration is deprecated [-Wdeprecated-literal-operator]
/data/gannet/ripley/R/test-clang/cpp11/include/cpp11/named_arg.hpp:42:29: warning: identifier '_nm' preceded by whitespace in a literal operator declaration is deprecated [-Wdeprecated-literal-operator]
./inja/nlohmann/json.hpp:26390:35: warning: identifier '_json' preceded by whitespace in a literal operator declaration is deprecated [-Wdeprecated-literal-operator]
./inja/nlohmann/json.hpp:26409:49: warning: identifier '_json_pointer' preceded by whitespace in a literal operator declaration is deprecated [-Wdeprecated-literal-operator]
./inja/inja.hpp:208:39: warning: identifier '_sv' preceded by whitespace in a literal operator declaration is deprecated [-Wdeprecated-literal-operator]
./inja/inja.hpp:213:42: warning: identifier '_sv' preceded by whitespace in a literal operator declaration is deprecated [-Wdeprecated-literal-operator]
./inja/inja.hpp:218:42: warning: identifier '_sv' preceded by whitespace in a literal operator declaration is deprecated [-Wdeprecated-literal-operator]
./inja/inja.hpp:223:40: warning: identifier '_sv' preceded by whitespace in a literal operator declaration is deprecated [-Wdeprecated-literal-operator]
See ‘/data/gannet/ripley/R/packages/tests-clang/jinjar.Rcheck/00install.out’ for details.
* used C++ compiler: ‘clang version 20.1.0-rc2’
Flavor: r-devel-linux-x86_64-fedora-clang
Version: 0.3.1
Check: installed package size
Result: NOTE
installed size is 7.4Mb
sub-directories of 1Mb or more:
libs 7.1Mb
Flavors: r-release-macos-arm64, r-release-macos-x86_64, r-oldrel-macos-arm64, r-oldrel-macos-x86_64