Last updated on 2025-02-06 09:52:32 CET.
Flavor | Version | Tinstall | Tcheck | Ttotal | Status | Flags |
---|---|---|---|---|---|---|
r-devel-linux-x86_64-debian-clang | 0.2.1 | 41.92 | 365.46 | 407.38 | NOTE | |
r-devel-linux-x86_64-debian-gcc | 0.2.1 | 27.11 | 250.34 | 277.45 | NOTE | |
r-devel-linux-x86_64-fedora-clang | 0.2.1 | 695.39 | OK | |||
r-devel-linux-x86_64-fedora-gcc | 0.2.1 | 633.69 | OK | |||
r-devel-windows-x86_64 | 0.2.1 | 39.00 | 301.00 | 340.00 | NOTE | |
r-patched-linux-x86_64 | 0.2.1 | 44.94 | 338.75 | 383.69 | OK | |
r-release-linux-x86_64 | 0.2.1 | 38.60 | 345.02 | 383.62 | OK | |
r-release-macos-arm64 | 0.2.1 | 150.00 | OK | |||
r-release-macos-x86_64 | 0.2.1 | 229.00 | OK | |||
r-release-windows-x86_64 | 0.2.1 | 40.00 | 303.00 | 343.00 | OK | |
r-oldrel-macos-arm64 | 0.2.1 | 153.00 | OK | |||
r-oldrel-macos-x86_64 | 0.2.1 | 305.00 | OK | |||
r-oldrel-windows-x86_64 | 0.2.1 | 48.00 | 424.00 | 472.00 | OK |
Version: 0.2.1
Check: Rd cross-references
Result: NOTE
Found the following Rd file(s) with Rd \link{} targets missing package
anchors:
cmcc_bioclim.Rd: sf, sfc
detect_envi_change.Rd: st_as_stars, read_stars, explain, geom_smooth
dim_reduce.Rd: sf, sfc
future_cmcc_bioclim.Rd: sf, sfc
future_worldclim2.Rd: sf, sfc
independent_response.Rd: st_as_stars, read_stars
isotree_po.Rd: isolation.forest, sf
mainland_africa.Rd: sf, sfc
marginal_response.Rd: st_as_stars, read_stars
plot.EnvironmentalOutlier.Rd: geom_sf
plot.ShapDependence.Rd: geom_smooth
shap_dependence.Rd: st_as_stars, read_stars, explain
shap_spatial_response.Rd: st_as_stars, read_stars, explain
spatial_response.Rd: st_as_stars, read_stars, explain
suspicious_env_outliers.Rd: outlier.tree, crs, sf
variable_analysis.Rd: st_as_stars, read_stars, explain
variable_contrib.Rd: explain
worldclim2.Rd: sf, sfc
Please provide package anchors for all Rd \link{} targets not in the
package itself and the base packages.
Flavors: r-devel-linux-x86_64-debian-clang, r-devel-linux-x86_64-debian-gcc, r-devel-windows-x86_64