CRAN Package Check Results for Package isoorbi

Last updated on 2025-04-15 09:52:23 CEST.

Flavor Version Tinstall Tcheck Ttotal Status Flags
r-devel-linux-x86_64-debian-clang 1.3.1 7.99 119.61 127.60 OK
r-devel-linux-x86_64-debian-gcc 1.3.1 5.56 88.83 94.39 OK
r-devel-linux-x86_64-fedora-clang 1.3.1 183.90 OK
r-devel-linux-x86_64-fedora-gcc 1.3.1 184.08 OK
r-devel-windows-x86_64 1.3.1 9.00 129.00 138.00 OK
r-patched-linux-x86_64 1.3.1 7.66 113.07 120.73 OK
r-release-linux-x86_64 1.3.1 6.39 112.88 119.27 OK
r-release-macos-arm64 1.3.1 57.00 OK
r-release-macos-x86_64 1.3.1 105.00 OK
r-release-windows-x86_64 1.3.1 12.00 119.00 131.00 OK
r-oldrel-macos-arm64 1.3.1 68.00 NOTE
r-oldrel-macos-x86_64 1.3.1 121.00 NOTE
r-oldrel-windows-x86_64 1.3.1 12.00 148.00 160.00 NOTE

Check Details

Version: 1.3.1
Check: installed package size
Result: NOTE installed size is 6.2Mb sub-directories of 1Mb or more: doc 2.0Mb extdata 3.3Mb Flavors: r-oldrel-macos-arm64, r-oldrel-macos-x86_64, r-oldrel-windows-x86_64