Last updated on 2025-05-08 09:54:01 CEST.
Flavor | Version | Tinstall | Tcheck | Ttotal | Status | Flags |
---|---|---|---|---|---|---|
r-devel-linux-x86_64-debian-clang | 1.0.0 | 6.02 | 252.74 | 258.76 | NOTE | |
r-devel-linux-x86_64-debian-gcc | 1.0.0 | 4.07 | 187.09 | 191.16 | NOTE | |
r-devel-linux-x86_64-fedora-clang | 1.0.0 | 397.85 | OK | |||
r-devel-linux-x86_64-fedora-gcc | 1.0.0 | 452.69 | OK | |||
r-devel-windows-x86_64 | 1.0.0 | 7.00 | 333.00 | 340.00 | OK | |
r-patched-linux-x86_64 | 1.0.0 | 4.71 | 263.45 | 268.16 | OK | |
r-release-linux-x86_64 | 1.0.0 | 5.45 | 263.03 | 268.48 | OK | |
r-release-macos-arm64 | 1.0.0 | 129.00 | OK | |||
r-release-macos-x86_64 | 1.0.0 | 298.00 | OK | |||
r-release-windows-x86_64 | 1.0.0 | 10.00 | 336.00 | 346.00 | OK | |
r-oldrel-macos-arm64 | 1.0.0 | 125.00 | OK | |||
r-oldrel-macos-x86_64 | 1.0.0 | 208.00 | OK | |||
r-oldrel-windows-x86_64 | 1.0.0 | 9.00 | 410.00 | 419.00 | OK |
Version: 1.0.0
Check: CRAN incoming feasibility
Result: NOTE
Maintainer: ‘Ivailo Partchev <partchev@gmail.com>’
No Authors@R field in DESCRIPTION.
Please add one, modifying
Authors@R: c(person(given = "Zhaojun",
family = "Li",
role = "aut"),
person(given = "Ivailo",
family = "Partchev",
role = c("aut", "cre"),
email = "partchev@gmail.com"),
person(given = "Paul",
family = "De Boeck",
role = "aut"))
as necessary.
Package CITATION file contains call(s) to old-style personList() or
as.personList(). Please use c() on person objects instead.
Package CITATION file contains call(s) to old-style citEntry(). Please
use bibentry() instead.
Flavors: r-devel-linux-x86_64-debian-clang, r-devel-linux-x86_64-debian-gcc